{"id":185,"date":"2012-02-12T20:11:23","date_gmt":"2012-02-12T20:11:23","guid":{"rendered":"http:\/\/javierfalco.com\/portfolio2\/?page_id=185"},"modified":"2026-07-17T08:36:44","modified_gmt":"2026-07-17T08:36:44","slug":"travesia-a-nado-tabarca","status":"publish","type":"page","link":"https:\/\/javierfalco.com\/portfolio\/travesia-a-nado-tabarca\/","title":{"rendered":"Traves\u00eda a nado Tabarca"},"content":{"rendered":"<p>[vc_row][vc_column width=&#8221;1\/1&#8243;][rv_text_output el_class=&#8221;&#8221;]Lugares: Tabarca y Santa Pola (Traves\u00eda a nado Tabarca-Santa Pola)<br \/>\nFechas: 2009 y 2011<br \/>\nC\u00e1maras: Canon EOS 450D y Canon EOS 50D[\/rv_text_output][\/vc_column][\/vc_row][vc_row][vc_column width=&#8221;1\/1&#8243;][rv_gallery layout=&#8221;masonry&#8221; masonry=&#8221;6573&#8243; masonry_slides=&#8221;&#8221;][\/vc_column][\/vc_row]<\/p>\n","protected":false},"excerpt":{"rendered":"<p>[vc_row][vc_column width=&#8221;1\/1&#8243;][rv_text_output el_class=&#8221;&#8221;]Lugares: Tabarca y Santa Pola (Traves\u00eda a nado Tabarca-Santa Pola) Fechas: 2009 y 2011 &#8230; <\/p>\n","protected":false},"author":4,"featured_media":0,"parent":0,"menu_order":0,"comment_status":"closed","ping_status":"closed","template":"","meta":{"footnotes":""},"class_list":["post-185","page","type-page","status-publish","hentry"],"yoast_head":"<!-- This site is optimized with the Yoast SEO plugin v28.3 - https:\/\/yoast.com\/product\/yoast-seo-wordpress\/ -->\n<title>Traves\u00eda a nado Tabarca - Javier Falc\u00f3<\/title>\n<meta name=\"description\" content=\"Traves\u00eda a nado entre la isla de Tabarca y Santa Pola (5.900 metros). Es la prueba de aguas abiertas con mayor participaci\u00f3n de Espa\u00f1a.\" \/>\n<meta name=\"robots\" content=\"index, follow, max-snippet:-1, max-image-preview:large, max-video-preview:-1\" \/>\n<link rel=\"canonical\" href=\"https:\/\/javierfalco.com\/portfolio\/travesia-a-nado-tabarca\/\" \/>\n<meta property=\"og:locale\" content=\"es_ES\" \/>\n<meta property=\"og:type\" content=\"article\" \/>\n<meta property=\"og:title\" content=\"Traves\u00eda a nado Tabarca - Javier Falc\u00f3\" \/>\n<meta property=\"og:description\" content=\"Traves\u00eda a nado entre la isla de Tabarca y Santa Pola (5.900 metros). Es la prueba de aguas abiertas con mayor participaci\u00f3n de Espa\u00f1a.\" \/>\n<meta property=\"og:url\" content=\"https:\/\/javierfalco.com\/portfolio\/travesia-a-nado-tabarca\/\" \/>\n<meta property=\"og:site_name\" content=\"Javier Falc\u00f3\" \/>\n<meta property=\"article:modified_time\" content=\"2026-07-17T08:36:44+00:00\" \/>\n<meta name=\"twitter:card\" content=\"summary_large_image\" \/>\n<meta name=\"twitter:label1\" content=\"Tiempo de lectura\" \/>\n\t<meta name=\"twitter:data1\" content=\"1 minuto\" \/>\n<script type=\"application\/ld+json\" class=\"yoast-schema-graph\">{\"@context\":\"https:\\\/\\\/schema.org\",\"@graph\":[{\"@type\":\"WebPage\",\"@id\":\"https:\\\/\\\/javierfalco.com\\\/portfolio\\\/travesia-a-nado-tabarca\\\/\",\"url\":\"https:\\\/\\\/javierfalco.com\\\/portfolio\\\/travesia-a-nado-tabarca\\\/\",\"name\":\"Traves\u00eda a nado Tabarca - Javier Falc\u00f3\",\"isPartOf\":{\"@id\":\"https:\\\/\\\/javierfalco.com\\\/portfolio\\\/#website\"},\"datePublished\":\"2012-02-12T20:11:23+00:00\",\"dateModified\":\"2026-07-17T08:36:44+00:00\",\"description\":\"Traves\u00eda a nado entre la isla de Tabarca y Santa Pola (5.900 metros). Es la prueba de aguas abiertas con mayor participaci\u00f3n de Espa\u00f1a.\",\"breadcrumb\":{\"@id\":\"https:\\\/\\\/javierfalco.com\\\/portfolio\\\/travesia-a-nado-tabarca\\\/#breadcrumb\"},\"inLanguage\":\"es\",\"potentialAction\":[{\"@type\":\"ReadAction\",\"target\":[\"https:\\\/\\\/javierfalco.com\\\/portfolio\\\/travesia-a-nado-tabarca\\\/\"]}]},{\"@type\":\"BreadcrumbList\",\"@id\":\"https:\\\/\\\/javierfalco.com\\\/portfolio\\\/travesia-a-nado-tabarca\\\/#breadcrumb\",\"itemListElement\":[{\"@type\":\"ListItem\",\"position\":1,\"name\":\"Portada\",\"item\":\"https:\\\/\\\/javierfalco.com\\\/portfolio\\\/\"},{\"@type\":\"ListItem\",\"position\":2,\"name\":\"Traves\u00eda a nado Tabarca\"}]},{\"@type\":\"WebSite\",\"@id\":\"https:\\\/\\\/javierfalco.com\\\/portfolio\\\/#website\",\"url\":\"https:\\\/\\\/javierfalco.com\\\/portfolio\\\/\",\"name\":\"Fotograf\u00eda y v\u00eddeo documental de Javier Falc\u00f3\",\"description\":\"Fotograf\u00eda y v\u00eddeo documental\",\"publisher\":{\"@id\":\"https:\\\/\\\/javierfalco.com\\\/portfolio\\\/#\\\/schema\\\/person\\\/794ab5e109ff257ded53bea332fe793c\"},\"potentialAction\":[{\"@type\":\"SearchAction\",\"target\":{\"@type\":\"EntryPoint\",\"urlTemplate\":\"https:\\\/\\\/javierfalco.com\\\/portfolio\\\/?s={search_term_string}\"},\"query-input\":{\"@type\":\"PropertyValueSpecification\",\"valueRequired\":true,\"valueName\":\"search_term_string\"}}],\"inLanguage\":\"es\"},{\"@type\":[\"Person\",\"Organization\"],\"@id\":\"https:\\\/\\\/javierfalco.com\\\/portfolio\\\/#\\\/schema\\\/person\\\/794ab5e109ff257ded53bea332fe793c\",\"name\":\"adwpjf\",\"image\":{\"@type\":\"ImageObject\",\"inLanguage\":\"es\",\"@id\":\"https:\\\/\\\/javierfalco.com\\\/portfolio\\\/wp-content\\\/uploads\\\/2026\\\/07\\\/Captura-de-pantalla-2026-07-17-a-las-10.03.23.jpg\",\"url\":\"https:\\\/\\\/javierfalco.com\\\/portfolio\\\/wp-content\\\/uploads\\\/2026\\\/07\\\/Captura-de-pantalla-2026-07-17-a-las-10.03.23.jpg\",\"contentUrl\":\"https:\\\/\\\/javierfalco.com\\\/portfolio\\\/wp-content\\\/uploads\\\/2026\\\/07\\\/Captura-de-pantalla-2026-07-17-a-las-10.03.23.jpg\",\"width\":454,\"height\":94,\"caption\":\"adwpjf\"},\"logo\":{\"@id\":\"https:\\\/\\\/javierfalco.com\\\/portfolio\\\/wp-content\\\/uploads\\\/2026\\\/07\\\/Captura-de-pantalla-2026-07-17-a-las-10.03.23.jpg\"}}]}<\/script>\n<!-- \/ Yoast SEO plugin. -->","yoast_head_json":{"title":"Traves\u00eda a nado Tabarca - Javier Falc\u00f3","description":"Traves\u00eda a nado entre la isla de Tabarca y Santa Pola (5.900 metros). Es la prueba de aguas abiertas con mayor participaci\u00f3n de Espa\u00f1a.","robots":{"index":"index","follow":"follow","max-snippet":"max-snippet:-1","max-image-preview":"max-image-preview:large","max-video-preview":"max-video-preview:-1"},"canonical":"https:\/\/javierfalco.com\/portfolio\/travesia-a-nado-tabarca\/","og_locale":"es_ES","og_type":"article","og_title":"Traves\u00eda a nado Tabarca - Javier Falc\u00f3","og_description":"Traves\u00eda a nado entre la isla de Tabarca y Santa Pola (5.900 metros). Es la prueba de aguas abiertas con mayor participaci\u00f3n de Espa\u00f1a.","og_url":"https:\/\/javierfalco.com\/portfolio\/travesia-a-nado-tabarca\/","og_site_name":"Javier Falc\u00f3","article_modified_time":"2026-07-17T08:36:44+00:00","twitter_card":"summary_large_image","twitter_misc":{"Tiempo de lectura":"1 minuto"},"schema":{"@context":"https:\/\/schema.org","@graph":[{"@type":"WebPage","@id":"https:\/\/javierfalco.com\/portfolio\/travesia-a-nado-tabarca\/","url":"https:\/\/javierfalco.com\/portfolio\/travesia-a-nado-tabarca\/","name":"Traves\u00eda a nado Tabarca - Javier Falc\u00f3","isPartOf":{"@id":"https:\/\/javierfalco.com\/portfolio\/#website"},"datePublished":"2012-02-12T20:11:23+00:00","dateModified":"2026-07-17T08:36:44+00:00","description":"Traves\u00eda a nado entre la isla de Tabarca y Santa Pola (5.900 metros). Es la prueba de aguas abiertas con mayor participaci\u00f3n de Espa\u00f1a.","breadcrumb":{"@id":"https:\/\/javierfalco.com\/portfolio\/travesia-a-nado-tabarca\/#breadcrumb"},"inLanguage":"es","potentialAction":[{"@type":"ReadAction","target":["https:\/\/javierfalco.com\/portfolio\/travesia-a-nado-tabarca\/"]}]},{"@type":"BreadcrumbList","@id":"https:\/\/javierfalco.com\/portfolio\/travesia-a-nado-tabarca\/#breadcrumb","itemListElement":[{"@type":"ListItem","position":1,"name":"Portada","item":"https:\/\/javierfalco.com\/portfolio\/"},{"@type":"ListItem","position":2,"name":"Traves\u00eda a nado Tabarca"}]},{"@type":"WebSite","@id":"https:\/\/javierfalco.com\/portfolio\/#website","url":"https:\/\/javierfalco.com\/portfolio\/","name":"Fotograf\u00eda y v\u00eddeo documental de Javier Falc\u00f3","description":"Fotograf\u00eda y v\u00eddeo documental","publisher":{"@id":"https:\/\/javierfalco.com\/portfolio\/#\/schema\/person\/794ab5e109ff257ded53bea332fe793c"},"potentialAction":[{"@type":"SearchAction","target":{"@type":"EntryPoint","urlTemplate":"https:\/\/javierfalco.com\/portfolio\/?s={search_term_string}"},"query-input":{"@type":"PropertyValueSpecification","valueRequired":true,"valueName":"search_term_string"}}],"inLanguage":"es"},{"@type":["Person","Organization"],"@id":"https:\/\/javierfalco.com\/portfolio\/#\/schema\/person\/794ab5e109ff257ded53bea332fe793c","name":"adwpjf","image":{"@type":"ImageObject","inLanguage":"es","@id":"https:\/\/javierfalco.com\/portfolio\/wp-content\/uploads\/2026\/07\/Captura-de-pantalla-2026-07-17-a-las-10.03.23.jpg","url":"https:\/\/javierfalco.com\/portfolio\/wp-content\/uploads\/2026\/07\/Captura-de-pantalla-2026-07-17-a-las-10.03.23.jpg","contentUrl":"https:\/\/javierfalco.com\/portfolio\/wp-content\/uploads\/2026\/07\/Captura-de-pantalla-2026-07-17-a-las-10.03.23.jpg","width":454,"height":94,"caption":"adwpjf"},"logo":{"@id":"https:\/\/javierfalco.com\/portfolio\/wp-content\/uploads\/2026\/07\/Captura-de-pantalla-2026-07-17-a-las-10.03.23.jpg"}}]}},"_links":{"self":[{"href":"https:\/\/javierfalco.com\/portfolio\/wp-json\/wp\/v2\/pages\/185","targetHints":{"allow":["GET"]}}],"collection":[{"href":"https:\/\/javierfalco.com\/portfolio\/wp-json\/wp\/v2\/pages"}],"about":[{"href":"https:\/\/javierfalco.com\/portfolio\/wp-json\/wp\/v2\/types\/page"}],"author":[{"embeddable":true,"href":"https:\/\/javierfalco.com\/portfolio\/wp-json\/wp\/v2\/users\/4"}],"replies":[{"embeddable":true,"href":"https:\/\/javierfalco.com\/portfolio\/wp-json\/wp\/v2\/comments?post=185"}],"version-history":[{"count":4,"href":"https:\/\/javierfalco.com\/portfolio\/wp-json\/wp\/v2\/pages\/185\/revisions"}],"predecessor-version":[{"id":6751,"href":"https:\/\/javierfalco.com\/portfolio\/wp-json\/wp\/v2\/pages\/185\/revisions\/6751"}],"wp:attachment":[{"href":"https:\/\/javierfalco.com\/portfolio\/wp-json\/wp\/v2\/media?parent=185"}],"curies":[{"name":"wp","href":"https:\/\/api.w.org\/{rel}","templated":true}]}}

Travesía a nado Tabarca

<p>[vc_row][vc_column width=&#8221;1/1&#8243;][rv_text_output el_class=&#8221;&#8221;]Lugares: Tabarca y Santa Pola (Travesía a nado Tabarca-Santa Pola)<br />
Fechas: 2009 y 2011<br />
Cámaras: Canon EOS 450D y Canon EOS 50D[/rv_text_output][/vc_column][/vc_row][vc_row][vc_column width=&#8221;1/1&#8243;][rv_gallery layout=&#8221;masonry&#8221; masonry=&#8221;6573&#8243; masonry_slides=&#8221;&#8221;][/vc_column][/vc_row]</p>

<p>[vc_row][vc_column width=&#8221;1/1&#8243;][rv_text_output el_class=&#8221;&#8221;]Lugares: Tabarca y Santa Pola (Travesía a nado Tabarca-Santa Pola) Fechas: 2009 y 2011 &#8230; </p>

<!-- This site is optimized with the Yoast SEO plugin v28.3 - https://yoast.com/product/yoast-seo-wordpress/ -->
<title>Travesía a nado Tabarca - Javier Falcó</title>
<meta name="description" content="Travesía a nado entre la isla de Tabarca y Santa Pola (5.900 metros). Es la prueba de aguas abiertas con mayor participación de España." />
<meta name="robots" content="index, follow, max-snippet:-1, max-image-preview:large, max-video-preview:-1" />
<link rel="canonical" href="https://javierfalco.com/portfolio/travesia-a-nado-tabarca/" />
<meta property="og:locale" content="es_ES" />
<meta property="og:type" content="article" />
<meta property="og:title" content="Travesía a nado Tabarca - Javier Falcó" />
<meta property="og:description" content="Travesía a nado entre la isla de Tabarca y Santa Pola (5.900 metros). Es la prueba de aguas abiertas con mayor participación de España." />
<meta property="og:url" content="https://javierfalco.com/portfolio/travesia-a-nado-tabarca/" />
<meta property="og:site_name" content="Javier Falcó" />
<meta property="article:modified_time" content="2026-07-17T08:36:44+00:00" />
<meta name="twitter:card" content="summary_large_image" />
<meta name="twitter:label1" content="Tiempo de lectura" />
	<meta name="twitter:data1" content="1 minuto" />
<script type="application/ld+json" class="yoast-schema-graph">{"@context":"https:\/\/schema.org","@graph":[{"@type":"WebPage","@id":"https:\/\/javierfalco.com\/portfolio\/travesia-a-nado-tabarca\/","url":"https:\/\/javierfalco.com\/portfolio\/travesia-a-nado-tabarca\/","name":"Travesía a nado Tabarca - Javier Falcó","isPartOf":{"@id":"https:\/\/javierfalco.com\/portfolio\/#website"},"datePublished":"2012-02-12T20:11:23+00:00","dateModified":"2026-07-17T08:36:44+00:00","description":"Travesía a nado entre la isla de Tabarca y Santa Pola (5.900 metros). Es la prueba de aguas abiertas con mayor participación de España.","breadcrumb":{"@id":"https:\/\/javierfalco.com\/portfolio\/travesia-a-nado-tabarca\/#breadcrumb"},"inLanguage":"es","potentialAction":[{"@type":"ReadAction","target":["https:\/\/javierfalco.com\/portfolio\/travesia-a-nado-tabarca\/"]}]},{"@type":"BreadcrumbList","@id":"https:\/\/javierfalco.com\/portfolio\/travesia-a-nado-tabarca\/#breadcrumb","itemListElement":[{"@type":"ListItem","position":1,"name":"Portada","item":"https:\/\/javierfalco.com\/portfolio\/"},{"@type":"ListItem","position":2,"name":"Travesía a nado Tabarca"}]},{"@type":"WebSite","@id":"https:\/\/javierfalco.com\/portfolio\/#website","url":"https:\/\/javierfalco.com\/portfolio\/","name":"Fotografía y vídeo documental de Javier Falcó","description":"Fotografía y vídeo documental","publisher":{"@id":"https:\/\/javierfalco.com\/portfolio\/#\/schema\/person\/794ab5e109ff257ded53bea332fe793c"},"potentialAction":[{"@type":"SearchAction","target":{"@type":"EntryPoint","urlTemplate":"https:\/\/javierfalco.com\/portfolio\/?s={search_term_string}"},"query-input":{"@type":"PropertyValueSpecification","valueRequired":true,"valueName":"search_term_string"}}],"inLanguage":"es"},{"@type":["Person","Organization"],"@id":"https:\/\/javierfalco.com\/portfolio\/#\/schema\/person\/794ab5e109ff257ded53bea332fe793c","name":"adwpjf","image":{"@type":"ImageObject","inLanguage":"es","@id":"https:\/\/javierfalco.com\/portfolio\/wp-content\/uploads\/2026\/07\/Captura-de-pantalla-2026-07-17-a-las-10.03.23.jpg","url":"https:\/\/javierfalco.com\/portfolio\/wp-content\/uploads\/2026\/07\/Captura-de-pantalla-2026-07-17-a-las-10.03.23.jpg","contentUrl":"https:\/\/javierfalco.com\/portfolio\/wp-content\/uploads\/2026\/07\/Captura-de-pantalla-2026-07-17-a-las-10.03.23.jpg","width":454,"height":94,"caption":"adwpjf"},"logo":{"@id":"https:\/\/javierfalco.com\/portfolio\/wp-content\/uploads\/2026\/07\/Captura-de-pantalla-2026-07-17-a-las-10.03.23.jpg"}}]}</script>
<!-- / Yoast SEO plugin. -->

Travesía a nado Tabarca - Javier Falcó

Travesía a nado entre la isla de Tabarca y Santa Pola (5.900 metros). Es la prueba de aguas abiertas con mayor participación de España.

Javier Falcó

Fotografía y vídeo documental de Javier Falcó

Fotografía y vídeo documental
