{"id":5064,"date":"2012-06-13T09:04:27","date_gmt":"2012-06-13T09:04:27","guid":{"rendered":"http:\/\/javierfalco.com\/portfolio\/?page_id=5064"},"modified":"2024-11-14T21:06:58","modified_gmt":"2024-11-14T21:06:58","slug":"peleas-de-gallos-en-cuba","status":"publish","type":"page","link":"https:\/\/javierfalco.com\/portfolio\/peleas-de-gallos-en-cuba\/","title":{"rendered":"Peleas de gallos en Cuba"},"content":{"rendered":"<p style=\"padding-left: 10px;\">Las peleas de gallos en Cuba fueron importadas por los espa\u00f1oles junto a otras costumbres y r\u00e1pidamente formaron parte del entretenimiento de la poblaci\u00f3n campesina. Al igual que los toros en Espa\u00f1a, tiene sus defensores que argumentan valores tradicionales y culturales y sus detractores, que siempre lo han considerado como un espect\u00e1culo salvaje, cruel e innecesario.<\/p>\n<style>.embed-container { position: relative; padding-bottom: 56.25%; height: 0; overflow: hidden; max-width: 100%; } .embed-container iframe, .embed-container object, .embed-container embed { position: absolute; top: 0; left: 0; width: 100%; height: 100%; }<\/style>\n<div class=\"embed-container\"><iframe loading=\"lazy\" src=\"https:\/\/www.youtube.com\/embed\/70X0bOWL8Ho\" width=\"1200\" height=\"675\" frameborder=\"0\" allowfullscreen=\"allowfullscreen\"><span data-mce-type=\"bookmark\" style=\"display: inline-block; width: 0px; overflow: hidden; line-height: 0;\" class=\"mce_SELRES_start\">\ufeff<\/span><\/iframe><\/div>\n","protected":false},"excerpt":{"rendered":"<p>Las peleas de gallos en Cuba fueron importadas por los espa\u00f1oles junto a otras costumbres y &#8230; <\/p>\n","protected":false},"author":1,"featured_media":0,"parent":0,"menu_order":0,"comment_status":"closed","ping_status":"closed","template":"","meta":{"footnotes":""},"class_list":["post-5064","page","type-page","status-publish","hentry"],"_links":{"self":[{"href":"https:\/\/javierfalco.com\/portfolio\/wp-json\/wp\/v2\/pages\/5064","targetHints":{"allow":["GET"]}}],"collection":[{"href":"https:\/\/javierfalco.com\/portfolio\/wp-json\/wp\/v2\/pages"}],"about":[{"href":"https:\/\/javierfalco.com\/portfolio\/wp-json\/wp\/v2\/types\/page"}],"author":[{"embeddable":true,"href":"https:\/\/javierfalco.com\/portfolio\/wp-json\/wp\/v2\/users\/1"}],"replies":[{"embeddable":true,"href":"https:\/\/javierfalco.com\/portfolio\/wp-json\/wp\/v2\/comments?post=5064"}],"version-history":[{"count":8,"href":"https:\/\/javierfalco.com\/portfolio\/wp-json\/wp\/v2\/pages\/5064\/revisions"}],"predecessor-version":[{"id":7583,"href":"https:\/\/javierfalco.com\/portfolio\/wp-json\/wp\/v2\/pages\/5064\/revisions\/7583"}],"wp:attachment":[{"href":"https:\/\/javierfalco.com\/portfolio\/wp-json\/wp\/v2\/media?parent=5064"}],"curies":[{"name":"wp","href":"https:\/\/api.w.org\/{rel}","templated":true}]}}