{"id":53,"date":"2012-02-12T09:54:16","date_gmt":"2012-02-12T09:54:16","guid":{"rendered":"http:\/\/javierfalco.com\/portfolio2\/?page_id=53"},"modified":"2026-07-17T08:34:09","modified_gmt":"2026-07-17T08:34:09","slug":"contacto","status":"publish","type":"page","link":"https:\/\/javierfalco.com\/portfolio\/contacto\/","title":{"rendered":"Contacto"},"content":{"rendered":"<p><img loading=\"lazy\" decoding=\"async\" class=\"wp-image-7125 size-reeal-small alignleft\" title=\"Fotografia contacto\" src=\"https:\/\/javierfalco.com\/portfolio\/wp-content\/uploads\/2019\/01\/contacto-640x427.jpg\" alt=\"Fotografia contacto\" width=\"640\" height=\"427\" srcset=\"https:\/\/javierfalco.com\/portfolio\/wp-content\/uploads\/2019\/01\/contacto-640x427.jpg 640w, https:\/\/javierfalco.com\/portfolio\/wp-content\/uploads\/2019\/01\/contacto-300x200.jpg 300w, https:\/\/javierfalco.com\/portfolio\/wp-content\/uploads\/2019\/01\/contacto-768x513.jpg 768w, https:\/\/javierfalco.com\/portfolio\/wp-content\/uploads\/2019\/01\/contacto.jpg 800w\" sizes=\"auto, (max-width: 640px) 100vw, 640px\" \/><\/p>\n<p>[vc_row][vc_column][rv_text_output el_class=&#8221;&#8221;]<\/p>\n<p>&nbsp;<\/p>\n<p>Si necesitas algo relacionado con la fotograf\u00eda o el v\u00eddeo, si tienes cualquier duda o\u00a0simplemente\u00a0quieres hacerle alguna sugerencia o pregunta, usa este formulario de contacto.<\/p>\n<p>Para completarlo has de aceptar la pol\u00edtica de privacidad que puedes leer <strong><a href=\"https:\/\/javierfalco.com\/portfolio\/politica-de-privacidad\/\">aqu\u00ed<\/a><\/strong>.<\/p>\n<p>Tambi\u00e9n puedes ponerte en contacto con \u00e9l a trav\u00e9s de las redes sociales que encontrar\u00e1s en la parte inferior derecha del inicio de esta <strong><a href=\"http:\/\/javierfalco.com\/\">web<\/a><\/strong>.<\/p>\n<p>[\/rv_text_output][\/vc_column][\/vc_row][vc_row][vc_column width=&#8221;1\/1&#8243;][vc_raw_html]JTVCc2Vvc19mb3JtJTVE[\/vc_raw_html][\/vc_column][\/vc_row]<\/p>\n","protected":false},"excerpt":{"rendered":"<p>[vc_row][vc_column][rv_text_output el_class=&#8221;&#8221;] &nbsp; Si necesitas algo relacionado con la fotograf\u00eda o el v\u00eddeo, si tienes cualquier &#8230; <\/p>\n","protected":false},"author":4,"featured_media":0,"parent":0,"menu_order":0,"comment_status":"closed","ping_status":"closed","template":"","meta":{"footnotes":""},"class_list":["post-53","page","type-page","status-publish","hentry"],"yoast_head":"<!-- This site is optimized with the Yoast SEO plugin v28.3 - https:\/\/yoast.com\/product\/yoast-seo-wordpress\/ -->\n<title>Contacto - Javier Falc\u00f3<\/title>\n<meta name=\"description\" content=\"Formulario de contacto y redes sociales\" \/>\n<meta name=\"robots\" content=\"index, follow, max-snippet:-1, max-image-preview:large, max-video-preview:-1\" \/>\n<link rel=\"canonical\" href=\"https:\/\/javierfalco.com\/portfolio\/contacto\/\" \/>\n<meta property=\"og:locale\" content=\"es_ES\" \/>\n<meta property=\"og:type\" content=\"article\" \/>\n<meta property=\"og:title\" content=\"Contacto - Javier Falc\u00f3\" \/>\n<meta property=\"og:description\" content=\"Formulario de contacto y redes sociales\" \/>\n<meta property=\"og:url\" content=\"https:\/\/javierfalco.com\/portfolio\/contacto\/\" \/>\n<meta property=\"og:site_name\" content=\"Javier Falc\u00f3\" \/>\n<meta property=\"article:modified_time\" content=\"2026-07-17T08:34:09+00:00\" \/>\n<meta property=\"og:image\" content=\"https:\/\/javierfalco.com\/portfolio\/wp-content\/uploads\/2019\/01\/contacto.jpg\" \/>\n\t<meta property=\"og:image:width\" content=\"800\" \/>\n\t<meta property=\"og:image:height\" content=\"534\" \/>\n\t<meta property=\"og:image:type\" content=\"image\/jpeg\" \/>\n<meta name=\"twitter:card\" content=\"summary_large_image\" \/>\n<meta name=\"twitter:label1\" content=\"Tiempo de lectura\" \/>\n\t<meta name=\"twitter:data1\" content=\"1 minuto\" \/>\n<script type=\"application\/ld+json\" class=\"yoast-schema-graph\">{\"@context\":\"https:\\\/\\\/schema.org\",\"@graph\":[{\"@type\":\"WebPage\",\"@id\":\"https:\\\/\\\/javierfalco.com\\\/portfolio\\\/contacto\\\/\",\"url\":\"https:\\\/\\\/javierfalco.com\\\/portfolio\\\/contacto\\\/\",\"name\":\"Contacto - Javier Falc\u00f3\",\"isPartOf\":{\"@id\":\"https:\\\/\\\/javierfalco.com\\\/portfolio\\\/#website\"},\"primaryImageOfPage\":{\"@id\":\"https:\\\/\\\/javierfalco.com\\\/portfolio\\\/contacto\\\/#primaryimage\"},\"image\":{\"@id\":\"https:\\\/\\\/javierfalco.com\\\/portfolio\\\/contacto\\\/#primaryimage\"},\"thumbnailUrl\":\"https:\\\/\\\/javierfalco.com\\\/portfolio\\\/wp-content\\\/uploads\\\/2019\\\/01\\\/contacto-640x427.jpg\",\"datePublished\":\"2012-02-12T09:54:16+00:00\",\"dateModified\":\"2026-07-17T08:34:09+00:00\",\"description\":\"Formulario de contacto y redes sociales\",\"breadcrumb\":{\"@id\":\"https:\\\/\\\/javierfalco.com\\\/portfolio\\\/contacto\\\/#breadcrumb\"},\"inLanguage\":\"es\",\"potentialAction\":[{\"@type\":\"ReadAction\",\"target\":[\"https:\\\/\\\/javierfalco.com\\\/portfolio\\\/contacto\\\/\"]}]},{\"@type\":\"ImageObject\",\"inLanguage\":\"es\",\"@id\":\"https:\\\/\\\/javierfalco.com\\\/portfolio\\\/contacto\\\/#primaryimage\",\"url\":\"https:\\\/\\\/javierfalco.com\\\/portfolio\\\/wp-content\\\/uploads\\\/2019\\\/01\\\/contacto.jpg\",\"contentUrl\":\"https:\\\/\\\/javierfalco.com\\\/portfolio\\\/wp-content\\\/uploads\\\/2019\\\/01\\\/contacto.jpg\",\"width\":800,\"height\":534},{\"@type\":\"BreadcrumbList\",\"@id\":\"https:\\\/\\\/javierfalco.com\\\/portfolio\\\/contacto\\\/#breadcrumb\",\"itemListElement\":[{\"@type\":\"ListItem\",\"position\":1,\"name\":\"Portada\",\"item\":\"https:\\\/\\\/javierfalco.com\\\/portfolio\\\/\"},{\"@type\":\"ListItem\",\"position\":2,\"name\":\"Contacto\"}]},{\"@type\":\"WebSite\",\"@id\":\"https:\\\/\\\/javierfalco.com\\\/portfolio\\\/#website\",\"url\":\"https:\\\/\\\/javierfalco.com\\\/portfolio\\\/\",\"name\":\"Fotograf\u00eda y v\u00eddeo documental de Javier Falc\u00f3\",\"description\":\"Fotograf\u00eda y v\u00eddeo documental\",\"publisher\":{\"@id\":\"https:\\\/\\\/javierfalco.com\\\/portfolio\\\/#\\\/schema\\\/person\\\/794ab5e109ff257ded53bea332fe793c\"},\"potentialAction\":[{\"@type\":\"SearchAction\",\"target\":{\"@type\":\"EntryPoint\",\"urlTemplate\":\"https:\\\/\\\/javierfalco.com\\\/portfolio\\\/?s={search_term_string}\"},\"query-input\":{\"@type\":\"PropertyValueSpecification\",\"valueRequired\":true,\"valueName\":\"search_term_string\"}}],\"inLanguage\":\"es\"},{\"@type\":[\"Person\",\"Organization\"],\"@id\":\"https:\\\/\\\/javierfalco.com\\\/portfolio\\\/#\\\/schema\\\/person\\\/794ab5e109ff257ded53bea332fe793c\",\"name\":\"adwpjf\",\"image\":{\"@type\":\"ImageObject\",\"inLanguage\":\"es\",\"@id\":\"https:\\\/\\\/javierfalco.com\\\/portfolio\\\/wp-content\\\/uploads\\\/2026\\\/07\\\/Captura-de-pantalla-2026-07-17-a-las-10.03.23.jpg\",\"url\":\"https:\\\/\\\/javierfalco.com\\\/portfolio\\\/wp-content\\\/uploads\\\/2026\\\/07\\\/Captura-de-pantalla-2026-07-17-a-las-10.03.23.jpg\",\"contentUrl\":\"https:\\\/\\\/javierfalco.com\\\/portfolio\\\/wp-content\\\/uploads\\\/2026\\\/07\\\/Captura-de-pantalla-2026-07-17-a-las-10.03.23.jpg\",\"width\":454,\"height\":94,\"caption\":\"adwpjf\"},\"logo\":{\"@id\":\"https:\\\/\\\/javierfalco.com\\\/portfolio\\\/wp-content\\\/uploads\\\/2026\\\/07\\\/Captura-de-pantalla-2026-07-17-a-las-10.03.23.jpg\"}}]}<\/script>\n<!-- \/ Yoast SEO plugin. -->","yoast_head_json":{"title":"Contacto - Javier Falc\u00f3","description":"Formulario de contacto y redes sociales","robots":{"index":"index","follow":"follow","max-snippet":"max-snippet:-1","max-image-preview":"max-image-preview:large","max-video-preview":"max-video-preview:-1"},"canonical":"https:\/\/javierfalco.com\/portfolio\/contacto\/","og_locale":"es_ES","og_type":"article","og_title":"Contacto - Javier Falc\u00f3","og_description":"Formulario de contacto y redes sociales","og_url":"https:\/\/javierfalco.com\/portfolio\/contacto\/","og_site_name":"Javier Falc\u00f3","article_modified_time":"2026-07-17T08:34:09+00:00","og_image":[{"width":800,"height":534,"url":"https:\/\/javierfalco.com\/portfolio\/wp-content\/uploads\/2019\/01\/contacto.jpg","type":"image\/jpeg"}],"twitter_card":"summary_large_image","twitter_misc":{"Tiempo de lectura":"1 minuto"},"schema":{"@context":"https:\/\/schema.org","@graph":[{"@type":"WebPage","@id":"https:\/\/javierfalco.com\/portfolio\/contacto\/","url":"https:\/\/javierfalco.com\/portfolio\/contacto\/","name":"Contacto - Javier Falc\u00f3","isPartOf":{"@id":"https:\/\/javierfalco.com\/portfolio\/#website"},"primaryImageOfPage":{"@id":"https:\/\/javierfalco.com\/portfolio\/contacto\/#primaryimage"},"image":{"@id":"https:\/\/javierfalco.com\/portfolio\/contacto\/#primaryimage"},"thumbnailUrl":"https:\/\/javierfalco.com\/portfolio\/wp-content\/uploads\/2019\/01\/contacto-640x427.jpg","datePublished":"2012-02-12T09:54:16+00:00","dateModified":"2026-07-17T08:34:09+00:00","description":"Formulario de contacto y redes sociales","breadcrumb":{"@id":"https:\/\/javierfalco.com\/portfolio\/contacto\/#breadcrumb"},"inLanguage":"es","potentialAction":[{"@type":"ReadAction","target":["https:\/\/javierfalco.com\/portfolio\/contacto\/"]}]},{"@type":"ImageObject","inLanguage":"es","@id":"https:\/\/javierfalco.com\/portfolio\/contacto\/#primaryimage","url":"https:\/\/javierfalco.com\/portfolio\/wp-content\/uploads\/2019\/01\/contacto.jpg","contentUrl":"https:\/\/javierfalco.com\/portfolio\/wp-content\/uploads\/2019\/01\/contacto.jpg","width":800,"height":534},{"@type":"BreadcrumbList","@id":"https:\/\/javierfalco.com\/portfolio\/contacto\/#breadcrumb","itemListElement":[{"@type":"ListItem","position":1,"name":"Portada","item":"https:\/\/javierfalco.com\/portfolio\/"},{"@type":"ListItem","position":2,"name":"Contacto"}]},{"@type":"WebSite","@id":"https:\/\/javierfalco.com\/portfolio\/#website","url":"https:\/\/javierfalco.com\/portfolio\/","name":"Fotograf\u00eda y v\u00eddeo documental de Javier Falc\u00f3","description":"Fotograf\u00eda y v\u00eddeo documental","publisher":{"@id":"https:\/\/javierfalco.com\/portfolio\/#\/schema\/person\/794ab5e109ff257ded53bea332fe793c"},"potentialAction":[{"@type":"SearchAction","target":{"@type":"EntryPoint","urlTemplate":"https:\/\/javierfalco.com\/portfolio\/?s={search_term_string}"},"query-input":{"@type":"PropertyValueSpecification","valueRequired":true,"valueName":"search_term_string"}}],"inLanguage":"es"},{"@type":["Person","Organization"],"@id":"https:\/\/javierfalco.com\/portfolio\/#\/schema\/person\/794ab5e109ff257ded53bea332fe793c","name":"adwpjf","image":{"@type":"ImageObject","inLanguage":"es","@id":"https:\/\/javierfalco.com\/portfolio\/wp-content\/uploads\/2026\/07\/Captura-de-pantalla-2026-07-17-a-las-10.03.23.jpg","url":"https:\/\/javierfalco.com\/portfolio\/wp-content\/uploads\/2026\/07\/Captura-de-pantalla-2026-07-17-a-las-10.03.23.jpg","contentUrl":"https:\/\/javierfalco.com\/portfolio\/wp-content\/uploads\/2026\/07\/Captura-de-pantalla-2026-07-17-a-las-10.03.23.jpg","width":454,"height":94,"caption":"adwpjf"},"logo":{"@id":"https:\/\/javierfalco.com\/portfolio\/wp-content\/uploads\/2026\/07\/Captura-de-pantalla-2026-07-17-a-las-10.03.23.jpg"}}]}},"_links":{"self":[{"href":"https:\/\/javierfalco.com\/portfolio\/wp-json\/wp\/v2\/pages\/53","targetHints":{"allow":["GET"]}}],"collection":[{"href":"https:\/\/javierfalco.com\/portfolio\/wp-json\/wp\/v2\/pages"}],"about":[{"href":"https:\/\/javierfalco.com\/portfolio\/wp-json\/wp\/v2\/types\/page"}],"author":[{"embeddable":true,"href":"https:\/\/javierfalco.com\/portfolio\/wp-json\/wp\/v2\/users\/4"}],"replies":[{"embeddable":true,"href":"https:\/\/javierfalco.com\/portfolio\/wp-json\/wp\/v2\/comments?post=53"}],"version-history":[{"count":27,"href":"https:\/\/javierfalco.com\/portfolio\/wp-json\/wp\/v2\/pages\/53\/revisions"}],"predecessor-version":[{"id":7932,"href":"https:\/\/javierfalco.com\/portfolio\/wp-json\/wp\/v2\/pages\/53\/revisions\/7932"}],"wp:attachment":[{"href":"https:\/\/javierfalco.com\/portfolio\/wp-json\/wp\/v2\/media?parent=53"}],"curies":[{"name":"wp","href":"https:\/\/api.w.org\/{rel}","templated":true}]}}

<p><img loading="lazy" decoding="async" class="wp-image-7125 size-reeal-small alignleft" title="Fotografia contacto" src="https://javierfalco.com/portfolio/wp-content/uploads/2019/01/contacto-640x427.jpg" alt="Fotografia contacto" width="640" height="427" srcset="https://javierfalco.com/portfolio/wp-content/uploads/2019/01/contacto-640x427.jpg 640w, https://javierfalco.com/portfolio/wp-content/uploads/2019/01/contacto-300x200.jpg 300w, https://javierfalco.com/portfolio/wp-content/uploads/2019/01/contacto-768x513.jpg 768w, https://javierfalco.com/portfolio/wp-content/uploads/2019/01/contacto.jpg 800w" sizes="auto, (max-width: 640px) 100vw, 640px" /></p>
<p>[vc_row][vc_column][rv_text_output el_class=&#8221;&#8221;]</p>
<p>&nbsp;</p>
<p>Si necesitas algo relacionado con la fotografía o el vídeo, si tienes cualquier duda o simplemente quieres hacerle alguna sugerencia o pregunta, usa este formulario de contacto.</p>
<p>Para completarlo has de aceptar la política de privacidad que puedes leer <strong><a href="https://javierfalco.com/portfolio/politica-de-privacidad/">aquí</a></strong>.</p>
<p>También puedes ponerte en contacto con él a través de las redes sociales que encontrarás en la parte inferior derecha del inicio de esta <strong><a href="http://javierfalco.com/">web</a></strong>.</p>
<p>[/rv_text_output][/vc_column][/vc_row][vc_row][vc_column width=&#8221;1/1&#8243;][vc_raw_html]JTVCc2Vvc19mb3JtJTVE[/vc_raw_html][/vc_column][/vc_row]</p>

<p>[vc_row][vc_column][rv_text_output el_class=&#8221;&#8221;] &nbsp; Si necesitas algo relacionado con la fotografía o el vídeo, si tienes cualquier &#8230; </p>

<!-- This site is optimized with the Yoast SEO plugin v28.3 - https://yoast.com/product/yoast-seo-wordpress/ -->
<title>Contacto - Javier Falcó</title>
<meta name="description" content="Formulario de contacto y redes sociales" />
<meta name="robots" content="index, follow, max-snippet:-1, max-image-preview:large, max-video-preview:-1" />
<link rel="canonical" href="https://javierfalco.com/portfolio/contacto/" />
<meta property="og:locale" content="es_ES" />
<meta property="og:type" content="article" />
<meta property="og:title" content="Contacto - Javier Falcó" />
<meta property="og:description" content="Formulario de contacto y redes sociales" />
<meta property="og:url" content="https://javierfalco.com/portfolio/contacto/" />
<meta property="og:site_name" content="Javier Falcó" />
<meta property="article:modified_time" content="2026-07-17T08:34:09+00:00" />
<meta property="og:image" content="https://javierfalco.com/portfolio/wp-content/uploads/2019/01/contacto.jpg" />
	<meta property="og:image:width" content="800" />
	<meta property="og:image:height" content="534" />
	<meta property="og:image:type" content="image/jpeg" />
<meta name="twitter:card" content="summary_large_image" />
<meta name="twitter:label1" content="Tiempo de lectura" />
	<meta name="twitter:data1" content="1 minuto" />
<script type="application/ld+json" class="yoast-schema-graph">{"@context":"https:\/\/schema.org","@graph":[{"@type":"WebPage","@id":"https:\/\/javierfalco.com\/portfolio\/contacto\/","url":"https:\/\/javierfalco.com\/portfolio\/contacto\/","name":"Contacto - Javier Falcó","isPartOf":{"@id":"https:\/\/javierfalco.com\/portfolio\/#website"},"primaryImageOfPage":{"@id":"https:\/\/javierfalco.com\/portfolio\/contacto\/#primaryimage"},"image":{"@id":"https:\/\/javierfalco.com\/portfolio\/contacto\/#primaryimage"},"thumbnailUrl":"https:\/\/javierfalco.com\/portfolio\/wp-content\/uploads\/2019\/01\/contacto-640x427.jpg","datePublished":"2012-02-12T09:54:16+00:00","dateModified":"2026-07-17T08:34:09+00:00","description":"Formulario de contacto y redes sociales","breadcrumb":{"@id":"https:\/\/javierfalco.com\/portfolio\/contacto\/#breadcrumb"},"inLanguage":"es","potentialAction":[{"@type":"ReadAction","target":["https:\/\/javierfalco.com\/portfolio\/contacto\/"]}]},{"@type":"ImageObject","inLanguage":"es","@id":"https:\/\/javierfalco.com\/portfolio\/contacto\/#primaryimage","url":"https:\/\/javierfalco.com\/portfolio\/wp-content\/uploads\/2019\/01\/contacto.jpg","contentUrl":"https:\/\/javierfalco.com\/portfolio\/wp-content\/uploads\/2019\/01\/contacto.jpg","width":800,"height":534},{"@type":"BreadcrumbList","@id":"https:\/\/javierfalco.com\/portfolio\/contacto\/#breadcrumb","itemListElement":[{"@type":"ListItem","position":1,"name":"Portada","item":"https:\/\/javierfalco.com\/portfolio\/"},{"@type":"ListItem","position":2,"name":"Contacto"}]},{"@type":"WebSite","@id":"https:\/\/javierfalco.com\/portfolio\/#website","url":"https:\/\/javierfalco.com\/portfolio\/","name":"Fotografía y vídeo documental de Javier Falcó","description":"Fotografía y vídeo documental","publisher":{"@id":"https:\/\/javierfalco.com\/portfolio\/#\/schema\/person\/794ab5e109ff257ded53bea332fe793c"},"potentialAction":[{"@type":"SearchAction","target":{"@type":"EntryPoint","urlTemplate":"https:\/\/javierfalco.com\/portfolio\/?s={search_term_string}"},"query-input":{"@type":"PropertyValueSpecification","valueRequired":true,"valueName":"search_term_string"}}],"inLanguage":"es"},{"@type":["Person","Organization"],"@id":"https:\/\/javierfalco.com\/portfolio\/#\/schema\/person\/794ab5e109ff257ded53bea332fe793c","name":"adwpjf","image":{"@type":"ImageObject","inLanguage":"es","@id":"https:\/\/javierfalco.com\/portfolio\/wp-content\/uploads\/2026\/07\/Captura-de-pantalla-2026-07-17-a-las-10.03.23.jpg","url":"https:\/\/javierfalco.com\/portfolio\/wp-content\/uploads\/2026\/07\/Captura-de-pantalla-2026-07-17-a-las-10.03.23.jpg","contentUrl":"https:\/\/javierfalco.com\/portfolio\/wp-content\/uploads\/2026\/07\/Captura-de-pantalla-2026-07-17-a-las-10.03.23.jpg","width":454,"height":94,"caption":"adwpjf"},"logo":{"@id":"https:\/\/javierfalco.com\/portfolio\/wp-content\/uploads\/2026\/07\/Captura-de-pantalla-2026-07-17-a-las-10.03.23.jpg"}}]}</script>
<!-- / Yoast SEO plugin. -->

Contacto - Javier Falcó

Javier Falcó

Fotografía y vídeo documental de Javier Falcó

Fotografía y vídeo documental
