{"id":5911,"date":"2016-08-28T11:36:43","date_gmt":"2016-08-28T11:36:43","guid":{"rendered":"http:\/\/javierfalco.com\/portfolio\/?page_id=5911"},"modified":"2026-07-17T08:35:00","modified_gmt":"2026-07-17T08:35:00","slug":"hilaria","status":"publish","type":"page","link":"https:\/\/javierfalco.com\/portfolio\/hilaria\/","title":{"rendered":"Hilaria. La mataz\u00f3n"},"content":{"rendered":"<div style=\"padding-left: 10px;\">A\u00f1o 2016<\/div>\n<div style=\"padding-left: 10px;\"><span style=\"color: #ffffff;\">.<\/span><\/div>\n<div style=\"padding-left: 10px;\">Sinopsis: Hilaria es un documento audiovisual que refleja el paso del tiempo en lo concerniente a una costumbre ya casi desaparecida como es la mataz\u00f3n. De la mano de Hilaria -su protagonista- y a trav\u00e9s de dos generaciones representada por sobrina y t\u00eda, este documental pone de relieve diversos aspectos de car\u00e1cter etnogr\u00e1fico e hist\u00f3rico de Albalate de las Nogueras, un peque\u00f1o pueblo de la Alcarria conquense de 272 habitantes.<\/div>\n<div><span style=\"color: #ffffff;\">&#8211;<\/span><\/div>\n<style>.embed-container { position: relative; padding-bottom: 56.25%; height: 0; overflow: hidden; max-width: 100%; } .embed-container iframe, .embed-container object, .embed-container embed { position: absolute; top: 0; left: 0; width: 100%; height: 100%; }<\/style>\n<div class=\"embed-container\">\n<p><iframe loading=\"lazy\" src=\"https:\/\/www.youtube.com\/embed\/HRYT27zRvbY?si=idoLktHiM7XgP1Fo\" width=\"1200\" height=\"675\" frameborder=\"0\" allowfullscreen=\"allowfullscreen\"><span data-mce-type=\"bookmark\" style=\"display: inline-block; width: 0px; overflow: hidden; line-height: 0;\" class=\"mce_SELRES_start\">\ufeff<\/span><span data-mce-type=\"bookmark\" style=\"display: inline-block; width: 0px; overflow: hidden; line-height: 0;\" class=\"mce_SELRES_start\">\ufeff<\/span><span data-mce-type=\"bookmark\" style=\"display: inline-block; width: 0px; overflow: hidden; line-height: 0;\" p=\"\"><br \/>\n<\/span><\/iframe><\/p>\n<\/div>\n","protected":false},"excerpt":{"rendered":"<p>A\u00f1o 2016 . Sinopsis: Hilaria es un documento audiovisual que refleja el paso del tiempo en &#8230; <\/p>\n","protected":false},"author":4,"featured_media":0,"parent":0,"menu_order":0,"comment_status":"closed","ping_status":"closed","template":"","meta":{"footnotes":""},"class_list":["post-5911","page","type-page","status-publish","hentry"],"yoast_head":"<!-- This site is optimized with the Yoast SEO plugin v28.3 - https:\/\/yoast.com\/product\/yoast-seo-wordpress\/ -->\n<title>Hilaria. La mataz\u00f3n - Javier Falc\u00f3<\/title>\n<meta name=\"description\" content=\"&quot;Hilaria&quot; retrata el paso del tiempo y la tradici\u00f3n de la mataz\u00f3n en Albalate de las Nogueras. Un viaje etnogr\u00e1fico por la Alcarria conquense.\" \/>\n<meta name=\"robots\" content=\"index, follow, max-snippet:-1, max-image-preview:large, max-video-preview:-1\" \/>\n<link rel=\"canonical\" href=\"https:\/\/javierfalco.com\/portfolio\/hilaria\/\" \/>\n<meta property=\"og:locale\" content=\"es_ES\" \/>\n<meta property=\"og:type\" content=\"article\" \/>\n<meta property=\"og:title\" content=\"Hilaria. La mataz\u00f3n - Javier Falc\u00f3\" \/>\n<meta property=\"og:description\" content=\"&quot;Hilaria&quot; retrata el paso del tiempo y la tradici\u00f3n de la mataz\u00f3n en Albalate de las Nogueras. Un viaje etnogr\u00e1fico por la Alcarria conquense.\" \/>\n<meta property=\"og:url\" content=\"https:\/\/javierfalco.com\/portfolio\/hilaria\/\" \/>\n<meta property=\"og:site_name\" content=\"Javier Falc\u00f3\" \/>\n<meta property=\"article:modified_time\" content=\"2026-07-17T08:35:00+00:00\" \/>\n<meta name=\"twitter:card\" content=\"summary_large_image\" \/>\n<meta name=\"twitter:label1\" content=\"Tiempo de lectura\" \/>\n\t<meta name=\"twitter:data1\" content=\"1 minuto\" \/>\n<script type=\"application\/ld+json\" class=\"yoast-schema-graph\">{\"@context\":\"https:\\\/\\\/schema.org\",\"@graph\":[{\"@type\":\"WebPage\",\"@id\":\"https:\\\/\\\/javierfalco.com\\\/portfolio\\\/hilaria\\\/\",\"url\":\"https:\\\/\\\/javierfalco.com\\\/portfolio\\\/hilaria\\\/\",\"name\":\"Hilaria. La mataz\u00f3n - Javier Falc\u00f3\",\"isPartOf\":{\"@id\":\"https:\\\/\\\/javierfalco.com\\\/portfolio\\\/#website\"},\"datePublished\":\"2016-08-28T11:36:43+00:00\",\"dateModified\":\"2026-07-17T08:35:00+00:00\",\"description\":\"\\\"Hilaria\\\" retrata el paso del tiempo y la tradici\u00f3n de la mataz\u00f3n en Albalate de las Nogueras. Un viaje etnogr\u00e1fico por la Alcarria conquense.\",\"breadcrumb\":{\"@id\":\"https:\\\/\\\/javierfalco.com\\\/portfolio\\\/hilaria\\\/#breadcrumb\"},\"inLanguage\":\"es\",\"potentialAction\":[{\"@type\":\"ReadAction\",\"target\":[\"https:\\\/\\\/javierfalco.com\\\/portfolio\\\/hilaria\\\/\"]}]},{\"@type\":\"BreadcrumbList\",\"@id\":\"https:\\\/\\\/javierfalco.com\\\/portfolio\\\/hilaria\\\/#breadcrumb\",\"itemListElement\":[{\"@type\":\"ListItem\",\"position\":1,\"name\":\"Portada\",\"item\":\"https:\\\/\\\/javierfalco.com\\\/portfolio\\\/\"},{\"@type\":\"ListItem\",\"position\":2,\"name\":\"Hilaria. La mataz\u00f3n\"}]},{\"@type\":\"WebSite\",\"@id\":\"https:\\\/\\\/javierfalco.com\\\/portfolio\\\/#website\",\"url\":\"https:\\\/\\\/javierfalco.com\\\/portfolio\\\/\",\"name\":\"Fotograf\u00eda y v\u00eddeo documental de Javier Falc\u00f3\",\"description\":\"Fotograf\u00eda y v\u00eddeo documental\",\"publisher\":{\"@id\":\"https:\\\/\\\/javierfalco.com\\\/portfolio\\\/#\\\/schema\\\/person\\\/794ab5e109ff257ded53bea332fe793c\"},\"potentialAction\":[{\"@type\":\"SearchAction\",\"target\":{\"@type\":\"EntryPoint\",\"urlTemplate\":\"https:\\\/\\\/javierfalco.com\\\/portfolio\\\/?s={search_term_string}\"},\"query-input\":{\"@type\":\"PropertyValueSpecification\",\"valueRequired\":true,\"valueName\":\"search_term_string\"}}],\"inLanguage\":\"es\"},{\"@type\":[\"Person\",\"Organization\"],\"@id\":\"https:\\\/\\\/javierfalco.com\\\/portfolio\\\/#\\\/schema\\\/person\\\/794ab5e109ff257ded53bea332fe793c\",\"name\":\"adwpjf\",\"image\":{\"@type\":\"ImageObject\",\"inLanguage\":\"es\",\"@id\":\"https:\\\/\\\/javierfalco.com\\\/portfolio\\\/wp-content\\\/uploads\\\/2026\\\/07\\\/Captura-de-pantalla-2026-07-17-a-las-10.03.23.jpg\",\"url\":\"https:\\\/\\\/javierfalco.com\\\/portfolio\\\/wp-content\\\/uploads\\\/2026\\\/07\\\/Captura-de-pantalla-2026-07-17-a-las-10.03.23.jpg\",\"contentUrl\":\"https:\\\/\\\/javierfalco.com\\\/portfolio\\\/wp-content\\\/uploads\\\/2026\\\/07\\\/Captura-de-pantalla-2026-07-17-a-las-10.03.23.jpg\",\"width\":454,\"height\":94,\"caption\":\"adwpjf\"},\"logo\":{\"@id\":\"https:\\\/\\\/javierfalco.com\\\/portfolio\\\/wp-content\\\/uploads\\\/2026\\\/07\\\/Captura-de-pantalla-2026-07-17-a-las-10.03.23.jpg\"}}]}<\/script>\n<!-- \/ Yoast SEO plugin. -->","yoast_head_json":{"title":"Hilaria. La mataz\u00f3n - Javier Falc\u00f3","description":"\"Hilaria\" retrata el paso del tiempo y la tradici\u00f3n de la mataz\u00f3n en Albalate de las Nogueras. Un viaje etnogr\u00e1fico por la Alcarria conquense.","robots":{"index":"index","follow":"follow","max-snippet":"max-snippet:-1","max-image-preview":"max-image-preview:large","max-video-preview":"max-video-preview:-1"},"canonical":"https:\/\/javierfalco.com\/portfolio\/hilaria\/","og_locale":"es_ES","og_type":"article","og_title":"Hilaria. La mataz\u00f3n - Javier Falc\u00f3","og_description":"\"Hilaria\" retrata el paso del tiempo y la tradici\u00f3n de la mataz\u00f3n en Albalate de las Nogueras. Un viaje etnogr\u00e1fico por la Alcarria conquense.","og_url":"https:\/\/javierfalco.com\/portfolio\/hilaria\/","og_site_name":"Javier Falc\u00f3","article_modified_time":"2026-07-17T08:35:00+00:00","twitter_card":"summary_large_image","twitter_misc":{"Tiempo de lectura":"1 minuto"},"schema":{"@context":"https:\/\/schema.org","@graph":[{"@type":"WebPage","@id":"https:\/\/javierfalco.com\/portfolio\/hilaria\/","url":"https:\/\/javierfalco.com\/portfolio\/hilaria\/","name":"Hilaria. La mataz\u00f3n - Javier Falc\u00f3","isPartOf":{"@id":"https:\/\/javierfalco.com\/portfolio\/#website"},"datePublished":"2016-08-28T11:36:43+00:00","dateModified":"2026-07-17T08:35:00+00:00","description":"\"Hilaria\" retrata el paso del tiempo y la tradici\u00f3n de la mataz\u00f3n en Albalate de las Nogueras. Un viaje etnogr\u00e1fico por la Alcarria conquense.","breadcrumb":{"@id":"https:\/\/javierfalco.com\/portfolio\/hilaria\/#breadcrumb"},"inLanguage":"es","potentialAction":[{"@type":"ReadAction","target":["https:\/\/javierfalco.com\/portfolio\/hilaria\/"]}]},{"@type":"BreadcrumbList","@id":"https:\/\/javierfalco.com\/portfolio\/hilaria\/#breadcrumb","itemListElement":[{"@type":"ListItem","position":1,"name":"Portada","item":"https:\/\/javierfalco.com\/portfolio\/"},{"@type":"ListItem","position":2,"name":"Hilaria. La mataz\u00f3n"}]},{"@type":"WebSite","@id":"https:\/\/javierfalco.com\/portfolio\/#website","url":"https:\/\/javierfalco.com\/portfolio\/","name":"Fotograf\u00eda y v\u00eddeo documental de Javier Falc\u00f3","description":"Fotograf\u00eda y v\u00eddeo documental","publisher":{"@id":"https:\/\/javierfalco.com\/portfolio\/#\/schema\/person\/794ab5e109ff257ded53bea332fe793c"},"potentialAction":[{"@type":"SearchAction","target":{"@type":"EntryPoint","urlTemplate":"https:\/\/javierfalco.com\/portfolio\/?s={search_term_string}"},"query-input":{"@type":"PropertyValueSpecification","valueRequired":true,"valueName":"search_term_string"}}],"inLanguage":"es"},{"@type":["Person","Organization"],"@id":"https:\/\/javierfalco.com\/portfolio\/#\/schema\/person\/794ab5e109ff257ded53bea332fe793c","name":"adwpjf","image":{"@type":"ImageObject","inLanguage":"es","@id":"https:\/\/javierfalco.com\/portfolio\/wp-content\/uploads\/2026\/07\/Captura-de-pantalla-2026-07-17-a-las-10.03.23.jpg","url":"https:\/\/javierfalco.com\/portfolio\/wp-content\/uploads\/2026\/07\/Captura-de-pantalla-2026-07-17-a-las-10.03.23.jpg","contentUrl":"https:\/\/javierfalco.com\/portfolio\/wp-content\/uploads\/2026\/07\/Captura-de-pantalla-2026-07-17-a-las-10.03.23.jpg","width":454,"height":94,"caption":"adwpjf"},"logo":{"@id":"https:\/\/javierfalco.com\/portfolio\/wp-content\/uploads\/2026\/07\/Captura-de-pantalla-2026-07-17-a-las-10.03.23.jpg"}}]}},"_links":{"self":[{"href":"https:\/\/javierfalco.com\/portfolio\/wp-json\/wp\/v2\/pages\/5911","targetHints":{"allow":["GET"]}}],"collection":[{"href":"https:\/\/javierfalco.com\/portfolio\/wp-json\/wp\/v2\/pages"}],"about":[{"href":"https:\/\/javierfalco.com\/portfolio\/wp-json\/wp\/v2\/types\/page"}],"author":[{"embeddable":true,"href":"https:\/\/javierfalco.com\/portfolio\/wp-json\/wp\/v2\/users\/4"}],"replies":[{"embeddable":true,"href":"https:\/\/javierfalco.com\/portfolio\/wp-json\/wp\/v2\/comments?post=5911"}],"version-history":[{"count":13,"href":"https:\/\/javierfalco.com\/portfolio\/wp-json\/wp\/v2\/pages\/5911\/revisions"}],"predecessor-version":[{"id":7588,"href":"https:\/\/javierfalco.com\/portfolio\/wp-json\/wp\/v2\/pages\/5911\/revisions\/7588"}],"wp:attachment":[{"href":"https:\/\/javierfalco.com\/portfolio\/wp-json\/wp\/v2\/media?parent=5911"}],"curies":[{"name":"wp","href":"https:\/\/api.w.org\/{rel}","templated":true}]}}

Hilaria. La matazón

<div style="padding-left: 10px;">Año 2016</div>
<div style="padding-left: 10px;"><span style="color: #ffffff;">.</span></div>
<div style="padding-left: 10px;">Sinopsis: Hilaria es un documento audiovisual que refleja el paso del tiempo en lo concerniente a una costumbre ya casi desaparecida como es la matazón. De la mano de Hilaria -su protagonista- y a través de dos generaciones representada por sobrina y tía, este documental pone de relieve diversos aspectos de carácter etnográfico e histórico de Albalate de las Nogueras, un pequeño pueblo de la Alcarria conquense de 272 habitantes.</div>
<div><span style="color: #ffffff;">&#8211;</span></div>
<style>.embed-container { position: relative; padding-bottom: 56.25%; height: 0; overflow: hidden; max-width: 100%; } .embed-container iframe, .embed-container object, .embed-container embed { position: absolute; top: 0; left: 0; width: 100%; height: 100%; }</style>
<div class="embed-container">
<p><iframe loading="lazy" src="https://www.youtube.com/embed/HRYT27zRvbY?si=idoLktHiM7XgP1Fo" width="1200" height="675" frameborder="0" allowfullscreen="allowfullscreen"><span data-mce-type="bookmark" style="display: inline-block; width: 0px; overflow: hidden; line-height: 0;" class="mce_SELRES_start">﻿</span><span data-mce-type="bookmark" style="display: inline-block; width: 0px; overflow: hidden; line-height: 0;" class="mce_SELRES_start">﻿</span><span data-mce-type="bookmark" style="display: inline-block; width: 0px; overflow: hidden; line-height: 0;" p=""><br />
</span></iframe></p>
</div>

<p>Año 2016 . Sinopsis: Hilaria es un documento audiovisual que refleja el paso del tiempo en &#8230; </p>

<!-- This site is optimized with the Yoast SEO plugin v28.3 - https://yoast.com/product/yoast-seo-wordpress/ -->
<title>Hilaria. La matazón - Javier Falcó</title>
<meta name="description" content="&quot;Hilaria&quot; retrata el paso del tiempo y la tradición de la matazón en Albalate de las Nogueras. Un viaje etnográfico por la Alcarria conquense." />
<meta name="robots" content="index, follow, max-snippet:-1, max-image-preview:large, max-video-preview:-1" />
<link rel="canonical" href="https://javierfalco.com/portfolio/hilaria/" />
<meta property="og:locale" content="es_ES" />
<meta property="og:type" content="article" />
<meta property="og:title" content="Hilaria. La matazón - Javier Falcó" />
<meta property="og:description" content="&quot;Hilaria&quot; retrata el paso del tiempo y la tradición de la matazón en Albalate de las Nogueras. Un viaje etnográfico por la Alcarria conquense." />
<meta property="og:url" content="https://javierfalco.com/portfolio/hilaria/" />
<meta property="og:site_name" content="Javier Falcó" />
<meta property="article:modified_time" content="2026-07-17T08:35:00+00:00" />
<meta name="twitter:card" content="summary_large_image" />
<meta name="twitter:label1" content="Tiempo de lectura" />
	<meta name="twitter:data1" content="1 minuto" />
<script type="application/ld+json" class="yoast-schema-graph">{"@context":"https:\/\/schema.org","@graph":[{"@type":"WebPage","@id":"https:\/\/javierfalco.com\/portfolio\/hilaria\/","url":"https:\/\/javierfalco.com\/portfolio\/hilaria\/","name":"Hilaria. La matazón - Javier Falcó","isPartOf":{"@id":"https:\/\/javierfalco.com\/portfolio\/#website"},"datePublished":"2016-08-28T11:36:43+00:00","dateModified":"2026-07-17T08:35:00+00:00","description":"\"Hilaria\" retrata el paso del tiempo y la tradición de la matazón en Albalate de las Nogueras. Un viaje etnográfico por la Alcarria conquense.","breadcrumb":{"@id":"https:\/\/javierfalco.com\/portfolio\/hilaria\/#breadcrumb"},"inLanguage":"es","potentialAction":[{"@type":"ReadAction","target":["https:\/\/javierfalco.com\/portfolio\/hilaria\/"]}]},{"@type":"BreadcrumbList","@id":"https:\/\/javierfalco.com\/portfolio\/hilaria\/#breadcrumb","itemListElement":[{"@type":"ListItem","position":1,"name":"Portada","item":"https:\/\/javierfalco.com\/portfolio\/"},{"@type":"ListItem","position":2,"name":"Hilaria. La matazón"}]},{"@type":"WebSite","@id":"https:\/\/javierfalco.com\/portfolio\/#website","url":"https:\/\/javierfalco.com\/portfolio\/","name":"Fotografía y vídeo documental de Javier Falcó","description":"Fotografía y vídeo documental","publisher":{"@id":"https:\/\/javierfalco.com\/portfolio\/#\/schema\/person\/794ab5e109ff257ded53bea332fe793c"},"potentialAction":[{"@type":"SearchAction","target":{"@type":"EntryPoint","urlTemplate":"https:\/\/javierfalco.com\/portfolio\/?s={search_term_string}"},"query-input":{"@type":"PropertyValueSpecification","valueRequired":true,"valueName":"search_term_string"}}],"inLanguage":"es"},{"@type":["Person","Organization"],"@id":"https:\/\/javierfalco.com\/portfolio\/#\/schema\/person\/794ab5e109ff257ded53bea332fe793c","name":"adwpjf","image":{"@type":"ImageObject","inLanguage":"es","@id":"https:\/\/javierfalco.com\/portfolio\/wp-content\/uploads\/2026\/07\/Captura-de-pantalla-2026-07-17-a-las-10.03.23.jpg","url":"https:\/\/javierfalco.com\/portfolio\/wp-content\/uploads\/2026\/07\/Captura-de-pantalla-2026-07-17-a-las-10.03.23.jpg","contentUrl":"https:\/\/javierfalco.com\/portfolio\/wp-content\/uploads\/2026\/07\/Captura-de-pantalla-2026-07-17-a-las-10.03.23.jpg","width":454,"height":94,"caption":"adwpjf"},"logo":{"@id":"https:\/\/javierfalco.com\/portfolio\/wp-content\/uploads\/2026\/07\/Captura-de-pantalla-2026-07-17-a-las-10.03.23.jpg"}}]}</script>
<!-- / Yoast SEO plugin. -->

Hilaria. La matazón - Javier Falcó

"Hilaria" retrata el paso del tiempo y la tradición de la matazón en Albalate de las Nogueras. Un viaje etnográfico por la Alcarria conquense.

Javier Falcó

Fotografía y vídeo documental de Javier Falcó

Fotografía y vídeo documental
