{"id":5931,"date":"2017-01-11T21:50:00","date_gmt":"2017-01-11T21:50:00","guid":{"rendered":"http:\/\/javierfalco.com\/portfolio\/?page_id=5931"},"modified":"2024-11-14T21:10:51","modified_gmt":"2024-11-14T21:10:51","slug":"elche-historias-de-vida","status":"publish","type":"page","link":"https:\/\/javierfalco.com\/portfolio\/elche-historias-de-vida\/","title":{"rendered":"Elche, historias de vida"},"content":{"rendered":"<div style=\"padding-left: 10px;\">A\u00f1os 2016-2019<\/div>\n<div style=\"padding-left: 10px;\"><span style=\"color: #ffffff;\">.<\/span><\/div>\n<div style=\"padding-left: 10px;\">Sinopsis: \u201cElche, historias de vida\u201d es una apuesta audiovisual que recoge parte de la memoria de los ilicitanos, a trav\u00e9s de una serie de entrevistas que muestran trayectorias personales en el \u00e1mbito de la cultura, la empresa, la pol\u00edtica, el deporte, etc.<\/div>\n<p>&nbsp;<\/p>\n<style>.embed-container { position: relative; padding-bottom: 56.25%; height: 0; overflow: hidden; max-width: 100%; } .embed-container iframe, .embed-container object, .embed-container embed { position: absolute; top: 0; left: 0; width: 100%; height: 100%; }<\/style>\n<div class=\"embed-container\"><iframe loading=\"lazy\" src=\"https:\/\/www.youtube.com\/embed\/8_9M9mrvL5M?si=HtyRBxNW9fHbiJ84\" width=\"1200\" height=\"675\" frameborder=\"0\" allowfullscreen=\"allowfullscreen\"><span data-mce-type=\"bookmark\" style=\"display: inline-block; width: 0px; overflow: hidden; line-height: 0;\" class=\"mce_SELRES_start\">\ufeff<\/span><\/iframe><\/div>\n","protected":false},"excerpt":{"rendered":"<p>A\u00f1os 2016-2019 . Sinopsis: \u201cElche, historias de vida\u201d es una apuesta audiovisual que recoge parte de &#8230; <\/p>\n","protected":false},"author":1,"featured_media":0,"parent":0,"menu_order":0,"comment_status":"closed","ping_status":"closed","template":"","meta":{"footnotes":""},"class_list":["post-5931","page","type-page","status-publish","hentry"],"_links":{"self":[{"href":"https:\/\/javierfalco.com\/portfolio\/wp-json\/wp\/v2\/pages\/5931","targetHints":{"allow":["GET"]}}],"collection":[{"href":"https:\/\/javierfalco.com\/portfolio\/wp-json\/wp\/v2\/pages"}],"about":[{"href":"https:\/\/javierfalco.com\/portfolio\/wp-json\/wp\/v2\/types\/page"}],"author":[{"embeddable":true,"href":"https:\/\/javierfalco.com\/portfolio\/wp-json\/wp\/v2\/users\/1"}],"replies":[{"embeddable":true,"href":"https:\/\/javierfalco.com\/portfolio\/wp-json\/wp\/v2\/comments?post=5931"}],"version-history":[{"count":16,"href":"https:\/\/javierfalco.com\/portfolio\/wp-json\/wp\/v2\/pages\/5931\/revisions"}],"predecessor-version":[{"id":7591,"href":"https:\/\/javierfalco.com\/portfolio\/wp-json\/wp\/v2\/pages\/5931\/revisions\/7591"}],"wp:attachment":[{"href":"https:\/\/javierfalco.com\/portfolio\/wp-json\/wp\/v2\/media?parent=5931"}],"curies":[{"name":"wp","href":"https:\/\/api.w.org\/{rel}","templated":true}]}}

<div style="padding-left: 10px;">Años 2016-2019</div>
<div style="padding-left: 10px;"><span style="color: #ffffff;">.</span></div>
<div style="padding-left: 10px;">Sinopsis: “Elche, historias de vida” es una apuesta audiovisual que recoge parte de la memoria de los ilicitanos, a través de una serie de entrevistas que muestran trayectorias personales en el ámbito de la cultura, la empresa, la política, el deporte, etc.</div>
<p>&nbsp;</p>
<style>.embed-container { position: relative; padding-bottom: 56.25%; height: 0; overflow: hidden; max-width: 100%; } .embed-container iframe, .embed-container object, .embed-container embed { position: absolute; top: 0; left: 0; width: 100%; height: 100%; }</style>
<div class="embed-container"><iframe loading="lazy" src="https://www.youtube.com/embed/8_9M9mrvL5M?si=HtyRBxNW9fHbiJ84" width="1200" height="675" frameborder="0" allowfullscreen="allowfullscreen"><span data-mce-type="bookmark" style="display: inline-block; width: 0px; overflow: hidden; line-height: 0;" class="mce_SELRES_start">﻿</span></iframe></div>

<p>Años 2016-2019 . Sinopsis: “Elche, historias de vida” es una apuesta audiovisual que recoge parte de &#8230; </p>
