{"id":5949,"date":"2017-06-16T15:33:52","date_gmt":"2017-06-16T15:33:52","guid":{"rendered":"http:\/\/javierfalco.com\/portfolio\/?page_id=5949"},"modified":"2026-07-17T08:34:21","modified_gmt":"2026-07-17T08:34:21","slug":"el-cielo-es-nuestro-techo-documental","status":"publish","type":"page","link":"https:\/\/javierfalco.com\/portfolio\/el-cielo-es-nuestro-techo-documental\/","title":{"rendered":"El cielo es nuestro techo"},"content":{"rendered":"<p style=\"padding-left: 10px;\">A\u00f1o 2013-2018<\/p>\n<p style=\"padding-left: 10px;\">Sinopsis: &#8220;El cielo es nuestro techo&#8221; es un documental que quiere explicar, a trav\u00e9s de sus propias voces, la lucha de las mariscadoras de Cedeira por tener (y mantener) un trabajo digno a pesar de haber tenido a sus pueblos, a algunas de las que m\u00e1s tarde ser\u00edan sus propias compa\u00f1eras, a la misma naturaleza, a los furtivos y al machismo de la Cofrad\u00eda de Pescadores de Cedeira, que no las quer\u00eda como socias, en su contra durante muchos a\u00f1os.<\/p>\n<style>.embed-container { position: relative; padding-bottom: 56.25%; height: 0; overflow: hidden; max-width: 100%; } .embed-container iframe, .embed-container object, .embed-container embed { position: absolute; top: 0; left: 0; width: 100%; height: 100%; }<\/style>\n<div class=\"embed-container\"><iframe loading=\"lazy\" src=\"https:\/\/www.youtube.com\/embed\/qW9XG8qyTms\" width=\"1200\" height=\"675\" frameborder=\"0\" allowfullscreen=\"allowfullscreen\"><\/iframe><\/div>\n","protected":false},"excerpt":{"rendered":"<p>A\u00f1o 2013-2018 Sinopsis: &#8220;El cielo es nuestro techo&#8221; es un documental que quiere explicar, a trav\u00e9s &#8230; <\/p>\n","protected":false},"author":4,"featured_media":0,"parent":0,"menu_order":0,"comment_status":"closed","ping_status":"closed","template":"","meta":{"footnotes":""},"class_list":["post-5949","page","type-page","status-publish","hentry"],"yoast_head":"<!-- This site is optimized with the Yoast SEO plugin v28.3 - https:\/\/yoast.com\/product\/yoast-seo-wordpress\/ -->\n<title>El cielo es nuestro techo - Javier Falc\u00f3<\/title>\n<meta name=\"description\" content=\"Descubre &quot;El cielo es nuestro techo&quot;, el documental sobre la lucha de las mariscadoras de Cedeira contra el machismo y por un trabajo digno.\" \/>\n<meta name=\"robots\" content=\"index, follow, max-snippet:-1, max-image-preview:large, max-video-preview:-1\" \/>\n<link rel=\"canonical\" href=\"https:\/\/javierfalco.com\/portfolio\/el-cielo-es-nuestro-techo-documental\/\" \/>\n<meta property=\"og:locale\" content=\"es_ES\" \/>\n<meta property=\"og:type\" content=\"article\" \/>\n<meta property=\"og:title\" content=\"El cielo es nuestro techo - Javier Falc\u00f3\" \/>\n<meta property=\"og:description\" content=\"Descubre &quot;El cielo es nuestro techo&quot;, el documental sobre la lucha de las mariscadoras de Cedeira contra el machismo y por un trabajo digno.\" \/>\n<meta property=\"og:url\" content=\"https:\/\/javierfalco.com\/portfolio\/el-cielo-es-nuestro-techo-documental\/\" \/>\n<meta property=\"og:site_name\" content=\"Javier Falc\u00f3\" \/>\n<meta property=\"article:modified_time\" content=\"2026-07-17T08:34:21+00:00\" \/>\n<meta name=\"twitter:card\" content=\"summary_large_image\" \/>\n<meta name=\"twitter:label1\" content=\"Tiempo de lectura\" \/>\n\t<meta name=\"twitter:data1\" content=\"1 minuto\" \/>\n<script type=\"application\/ld+json\" class=\"yoast-schema-graph\">{\"@context\":\"https:\\\/\\\/schema.org\",\"@graph\":[{\"@type\":\"WebPage\",\"@id\":\"https:\\\/\\\/javierfalco.com\\\/portfolio\\\/el-cielo-es-nuestro-techo-documental\\\/\",\"url\":\"https:\\\/\\\/javierfalco.com\\\/portfolio\\\/el-cielo-es-nuestro-techo-documental\\\/\",\"name\":\"El cielo es nuestro techo - Javier Falc\u00f3\",\"isPartOf\":{\"@id\":\"https:\\\/\\\/javierfalco.com\\\/portfolio\\\/#website\"},\"datePublished\":\"2017-06-16T15:33:52+00:00\",\"dateModified\":\"2026-07-17T08:34:21+00:00\",\"description\":\"Descubre \\\"El cielo es nuestro techo\\\", el documental sobre la lucha de las mariscadoras de Cedeira contra el machismo y por un trabajo digno.\",\"breadcrumb\":{\"@id\":\"https:\\\/\\\/javierfalco.com\\\/portfolio\\\/el-cielo-es-nuestro-techo-documental\\\/#breadcrumb\"},\"inLanguage\":\"es\",\"potentialAction\":[{\"@type\":\"ReadAction\",\"target\":[\"https:\\\/\\\/javierfalco.com\\\/portfolio\\\/el-cielo-es-nuestro-techo-documental\\\/\"]}]},{\"@type\":\"BreadcrumbList\",\"@id\":\"https:\\\/\\\/javierfalco.com\\\/portfolio\\\/el-cielo-es-nuestro-techo-documental\\\/#breadcrumb\",\"itemListElement\":[{\"@type\":\"ListItem\",\"position\":1,\"name\":\"Portada\",\"item\":\"https:\\\/\\\/javierfalco.com\\\/portfolio\\\/\"},{\"@type\":\"ListItem\",\"position\":2,\"name\":\"El cielo es nuestro techo\"}]},{\"@type\":\"WebSite\",\"@id\":\"https:\\\/\\\/javierfalco.com\\\/portfolio\\\/#website\",\"url\":\"https:\\\/\\\/javierfalco.com\\\/portfolio\\\/\",\"name\":\"Fotograf\u00eda y v\u00eddeo documental de Javier Falc\u00f3\",\"description\":\"Fotograf\u00eda y v\u00eddeo documental\",\"publisher\":{\"@id\":\"https:\\\/\\\/javierfalco.com\\\/portfolio\\\/#\\\/schema\\\/person\\\/794ab5e109ff257ded53bea332fe793c\"},\"potentialAction\":[{\"@type\":\"SearchAction\",\"target\":{\"@type\":\"EntryPoint\",\"urlTemplate\":\"https:\\\/\\\/javierfalco.com\\\/portfolio\\\/?s={search_term_string}\"},\"query-input\":{\"@type\":\"PropertyValueSpecification\",\"valueRequired\":true,\"valueName\":\"search_term_string\"}}],\"inLanguage\":\"es\"},{\"@type\":[\"Person\",\"Organization\"],\"@id\":\"https:\\\/\\\/javierfalco.com\\\/portfolio\\\/#\\\/schema\\\/person\\\/794ab5e109ff257ded53bea332fe793c\",\"name\":\"adwpjf\",\"image\":{\"@type\":\"ImageObject\",\"inLanguage\":\"es\",\"@id\":\"https:\\\/\\\/javierfalco.com\\\/portfolio\\\/wp-content\\\/uploads\\\/2026\\\/07\\\/Captura-de-pantalla-2026-07-17-a-las-10.03.23.jpg\",\"url\":\"https:\\\/\\\/javierfalco.com\\\/portfolio\\\/wp-content\\\/uploads\\\/2026\\\/07\\\/Captura-de-pantalla-2026-07-17-a-las-10.03.23.jpg\",\"contentUrl\":\"https:\\\/\\\/javierfalco.com\\\/portfolio\\\/wp-content\\\/uploads\\\/2026\\\/07\\\/Captura-de-pantalla-2026-07-17-a-las-10.03.23.jpg\",\"width\":454,\"height\":94,\"caption\":\"adwpjf\"},\"logo\":{\"@id\":\"https:\\\/\\\/javierfalco.com\\\/portfolio\\\/wp-content\\\/uploads\\\/2026\\\/07\\\/Captura-de-pantalla-2026-07-17-a-las-10.03.23.jpg\"}}]}<\/script>\n<!-- \/ Yoast SEO plugin. -->","yoast_head_json":{"title":"El cielo es nuestro techo - Javier Falc\u00f3","description":"Descubre \"El cielo es nuestro techo\", el documental sobre la lucha de las mariscadoras de Cedeira contra el machismo y por un trabajo digno.","robots":{"index":"index","follow":"follow","max-snippet":"max-snippet:-1","max-image-preview":"max-image-preview:large","max-video-preview":"max-video-preview:-1"},"canonical":"https:\/\/javierfalco.com\/portfolio\/el-cielo-es-nuestro-techo-documental\/","og_locale":"es_ES","og_type":"article","og_title":"El cielo es nuestro techo - Javier Falc\u00f3","og_description":"Descubre \"El cielo es nuestro techo\", el documental sobre la lucha de las mariscadoras de Cedeira contra el machismo y por un trabajo digno.","og_url":"https:\/\/javierfalco.com\/portfolio\/el-cielo-es-nuestro-techo-documental\/","og_site_name":"Javier Falc\u00f3","article_modified_time":"2026-07-17T08:34:21+00:00","twitter_card":"summary_large_image","twitter_misc":{"Tiempo de lectura":"1 minuto"},"schema":{"@context":"https:\/\/schema.org","@graph":[{"@type":"WebPage","@id":"https:\/\/javierfalco.com\/portfolio\/el-cielo-es-nuestro-techo-documental\/","url":"https:\/\/javierfalco.com\/portfolio\/el-cielo-es-nuestro-techo-documental\/","name":"El cielo es nuestro techo - Javier Falc\u00f3","isPartOf":{"@id":"https:\/\/javierfalco.com\/portfolio\/#website"},"datePublished":"2017-06-16T15:33:52+00:00","dateModified":"2026-07-17T08:34:21+00:00","description":"Descubre \"El cielo es nuestro techo\", el documental sobre la lucha de las mariscadoras de Cedeira contra el machismo y por un trabajo digno.","breadcrumb":{"@id":"https:\/\/javierfalco.com\/portfolio\/el-cielo-es-nuestro-techo-documental\/#breadcrumb"},"inLanguage":"es","potentialAction":[{"@type":"ReadAction","target":["https:\/\/javierfalco.com\/portfolio\/el-cielo-es-nuestro-techo-documental\/"]}]},{"@type":"BreadcrumbList","@id":"https:\/\/javierfalco.com\/portfolio\/el-cielo-es-nuestro-techo-documental\/#breadcrumb","itemListElement":[{"@type":"ListItem","position":1,"name":"Portada","item":"https:\/\/javierfalco.com\/portfolio\/"},{"@type":"ListItem","position":2,"name":"El cielo es nuestro techo"}]},{"@type":"WebSite","@id":"https:\/\/javierfalco.com\/portfolio\/#website","url":"https:\/\/javierfalco.com\/portfolio\/","name":"Fotograf\u00eda y v\u00eddeo documental de Javier Falc\u00f3","description":"Fotograf\u00eda y v\u00eddeo documental","publisher":{"@id":"https:\/\/javierfalco.com\/portfolio\/#\/schema\/person\/794ab5e109ff257ded53bea332fe793c"},"potentialAction":[{"@type":"SearchAction","target":{"@type":"EntryPoint","urlTemplate":"https:\/\/javierfalco.com\/portfolio\/?s={search_term_string}"},"query-input":{"@type":"PropertyValueSpecification","valueRequired":true,"valueName":"search_term_string"}}],"inLanguage":"es"},{"@type":["Person","Organization"],"@id":"https:\/\/javierfalco.com\/portfolio\/#\/schema\/person\/794ab5e109ff257ded53bea332fe793c","name":"adwpjf","image":{"@type":"ImageObject","inLanguage":"es","@id":"https:\/\/javierfalco.com\/portfolio\/wp-content\/uploads\/2026\/07\/Captura-de-pantalla-2026-07-17-a-las-10.03.23.jpg","url":"https:\/\/javierfalco.com\/portfolio\/wp-content\/uploads\/2026\/07\/Captura-de-pantalla-2026-07-17-a-las-10.03.23.jpg","contentUrl":"https:\/\/javierfalco.com\/portfolio\/wp-content\/uploads\/2026\/07\/Captura-de-pantalla-2026-07-17-a-las-10.03.23.jpg","width":454,"height":94,"caption":"adwpjf"},"logo":{"@id":"https:\/\/javierfalco.com\/portfolio\/wp-content\/uploads\/2026\/07\/Captura-de-pantalla-2026-07-17-a-las-10.03.23.jpg"}}]}},"_links":{"self":[{"href":"https:\/\/javierfalco.com\/portfolio\/wp-json\/wp\/v2\/pages\/5949","targetHints":{"allow":["GET"]}}],"collection":[{"href":"https:\/\/javierfalco.com\/portfolio\/wp-json\/wp\/v2\/pages"}],"about":[{"href":"https:\/\/javierfalco.com\/portfolio\/wp-json\/wp\/v2\/types\/page"}],"author":[{"embeddable":true,"href":"https:\/\/javierfalco.com\/portfolio\/wp-json\/wp\/v2\/users\/4"}],"replies":[{"embeddable":true,"href":"https:\/\/javierfalco.com\/portfolio\/wp-json\/wp\/v2\/comments?post=5949"}],"version-history":[{"count":16,"href":"https:\/\/javierfalco.com\/portfolio\/wp-json\/wp\/v2\/pages\/5949\/revisions"}],"predecessor-version":[{"id":7585,"href":"https:\/\/javierfalco.com\/portfolio\/wp-json\/wp\/v2\/pages\/5949\/revisions\/7585"}],"wp:attachment":[{"href":"https:\/\/javierfalco.com\/portfolio\/wp-json\/wp\/v2\/media?parent=5949"}],"curies":[{"name":"wp","href":"https:\/\/api.w.org\/{rel}","templated":true}]}}

<p style="padding-left: 10px;">Año 2013-2018</p>
<p style="padding-left: 10px;">Sinopsis: &#8220;El cielo es nuestro techo&#8221; es un documental que quiere explicar, a través de sus propias voces, la lucha de las mariscadoras de Cedeira por tener (y mantener) un trabajo digno a pesar de haber tenido a sus pueblos, a algunas de las que más tarde serían sus propias compañeras, a la misma naturaleza, a los furtivos y al machismo de la Cofradía de Pescadores de Cedeira, que no las quería como socias, en su contra durante muchos años.</p>
<style>.embed-container { position: relative; padding-bottom: 56.25%; height: 0; overflow: hidden; max-width: 100%; } .embed-container iframe, .embed-container object, .embed-container embed { position: absolute; top: 0; left: 0; width: 100%; height: 100%; }</style>
<div class="embed-container"><iframe loading="lazy" src="https://www.youtube.com/embed/qW9XG8qyTms" width="1200" height="675" frameborder="0" allowfullscreen="allowfullscreen"></iframe></div>

<p>Año 2013-2018 Sinopsis: &#8220;El cielo es nuestro techo&#8221; es un documental que quiere explicar, a través &#8230; </p>

<!-- This site is optimized with the Yoast SEO plugin v28.3 - https://yoast.com/product/yoast-seo-wordpress/ -->
<title>El cielo es nuestro techo - Javier Falcó</title>
<meta name="description" content="Descubre &quot;El cielo es nuestro techo&quot;, el documental sobre la lucha de las mariscadoras de Cedeira contra el machismo y por un trabajo digno." />
<meta name="robots" content="index, follow, max-snippet:-1, max-image-preview:large, max-video-preview:-1" />
<link rel="canonical" href="https://javierfalco.com/portfolio/el-cielo-es-nuestro-techo-documental/" />
<meta property="og:locale" content="es_ES" />
<meta property="og:type" content="article" />
<meta property="og:title" content="El cielo es nuestro techo - Javier Falcó" />
<meta property="og:description" content="Descubre &quot;El cielo es nuestro techo&quot;, el documental sobre la lucha de las mariscadoras de Cedeira contra el machismo y por un trabajo digno." />
<meta property="og:url" content="https://javierfalco.com/portfolio/el-cielo-es-nuestro-techo-documental/" />
<meta property="og:site_name" content="Javier Falcó" />
<meta property="article:modified_time" content="2026-07-17T08:34:21+00:00" />
<meta name="twitter:card" content="summary_large_image" />
<meta name="twitter:label1" content="Tiempo de lectura" />
	<meta name="twitter:data1" content="1 minuto" />
<script type="application/ld+json" class="yoast-schema-graph">{"@context":"https:\/\/schema.org","@graph":[{"@type":"WebPage","@id":"https:\/\/javierfalco.com\/portfolio\/el-cielo-es-nuestro-techo-documental\/","url":"https:\/\/javierfalco.com\/portfolio\/el-cielo-es-nuestro-techo-documental\/","name":"El cielo es nuestro techo - Javier Falcó","isPartOf":{"@id":"https:\/\/javierfalco.com\/portfolio\/#website"},"datePublished":"2017-06-16T15:33:52+00:00","dateModified":"2026-07-17T08:34:21+00:00","description":"Descubre \"El cielo es nuestro techo\", el documental sobre la lucha de las mariscadoras de Cedeira contra el machismo y por un trabajo digno.","breadcrumb":{"@id":"https:\/\/javierfalco.com\/portfolio\/el-cielo-es-nuestro-techo-documental\/#breadcrumb"},"inLanguage":"es","potentialAction":[{"@type":"ReadAction","target":["https:\/\/javierfalco.com\/portfolio\/el-cielo-es-nuestro-techo-documental\/"]}]},{"@type":"BreadcrumbList","@id":"https:\/\/javierfalco.com\/portfolio\/el-cielo-es-nuestro-techo-documental\/#breadcrumb","itemListElement":[{"@type":"ListItem","position":1,"name":"Portada","item":"https:\/\/javierfalco.com\/portfolio\/"},{"@type":"ListItem","position":2,"name":"El cielo es nuestro techo"}]},{"@type":"WebSite","@id":"https:\/\/javierfalco.com\/portfolio\/#website","url":"https:\/\/javierfalco.com\/portfolio\/","name":"Fotografía y vídeo documental de Javier Falcó","description":"Fotografía y vídeo documental","publisher":{"@id":"https:\/\/javierfalco.com\/portfolio\/#\/schema\/person\/794ab5e109ff257ded53bea332fe793c"},"potentialAction":[{"@type":"SearchAction","target":{"@type":"EntryPoint","urlTemplate":"https:\/\/javierfalco.com\/portfolio\/?s={search_term_string}"},"query-input":{"@type":"PropertyValueSpecification","valueRequired":true,"valueName":"search_term_string"}}],"inLanguage":"es"},{"@type":["Person","Organization"],"@id":"https:\/\/javierfalco.com\/portfolio\/#\/schema\/person\/794ab5e109ff257ded53bea332fe793c","name":"adwpjf","image":{"@type":"ImageObject","inLanguage":"es","@id":"https:\/\/javierfalco.com\/portfolio\/wp-content\/uploads\/2026\/07\/Captura-de-pantalla-2026-07-17-a-las-10.03.23.jpg","url":"https:\/\/javierfalco.com\/portfolio\/wp-content\/uploads\/2026\/07\/Captura-de-pantalla-2026-07-17-a-las-10.03.23.jpg","contentUrl":"https:\/\/javierfalco.com\/portfolio\/wp-content\/uploads\/2026\/07\/Captura-de-pantalla-2026-07-17-a-las-10.03.23.jpg","width":454,"height":94,"caption":"adwpjf"},"logo":{"@id":"https:\/\/javierfalco.com\/portfolio\/wp-content\/uploads\/2026\/07\/Captura-de-pantalla-2026-07-17-a-las-10.03.23.jpg"}}]}</script>
<!-- / Yoast SEO plugin. -->

El cielo es nuestro techo - Javier Falcó

Javier Falcó

Fotografía y vídeo documental de Javier Falcó

Fotografía y vídeo documental
