{"id":6974,"date":"2019-01-13T20:27:27","date_gmt":"2019-01-13T20:27:27","guid":{"rendered":"http:\/\/javierfalco.com\/portfolio\/?page_id=6974"},"modified":"2025-02-10T18:05:59","modified_gmt":"2025-02-10T18:05:59","slug":"andreu-castillejos-pintor","status":"publish","type":"page","link":"https:\/\/javierfalco.com\/portfolio\/andreu-castillejos-pintor\/","title":{"rendered":"Andreu Castillejos, pintor"},"content":{"rendered":"<p style=\"padding-left: 10px;\">A\u00f1o 2017<\/p>\n<p style=\"padding-left: 10px;\">Sinopsis: Audiovisual realizado para la exposici\u00f3n &#8220;Andreu Castillejos, pintor&#8221;, con testimonios de personas cercanas a Andreu. La exposici\u00f3n fue organizada por el Institut d&#8217;Estudis Comarcals del Baix Vinalop\u00f3 y se inaugur\u00f3 en la sala de exposiciones de la Fundaci\u00f3n Caja Mediterr\u00e1neo en Elche en 2017.<\/p>\n<style>.embed-container { position: relative; padding-bottom: 56.25%; height: 0; overflow: hidden; max-width: 100%; } .embed-container iframe, .embed-container object, .embed-container embed { position: absolute; top: 0; left: 0; width: 100%; height: 100%; }<\/style>\n<div class=\"embed-container\"><iframe loading=\"lazy\" src=\"https:\/\/www.youtube.com\/embed\/rgSKOwHx4Ww\" width=\"1200\" height=\"675\" frameborder=\"0\" allowfullscreen=\"allowfullscreen\"><span data-mce-type=\"bookmark\" style=\"display: inline-block; width: 0px; overflow: hidden; line-height: 0;\" class=\"mce_SELRES_start\">\ufeff<\/span><span data-mce-type=\"bookmark\" style=\"display: inline-block; width: 0px; overflow: hidden; line-height: 0;\" class=\"mce_SELRES_start\">\ufeff<\/span><\/iframe><\/div>\n","protected":false},"excerpt":{"rendered":"<p>A\u00f1o 2017 Sinopsis: Audiovisual realizado para la exposici\u00f3n &#8220;Andreu Castillejos, pintor&#8221;, con testimonios de personas cercanas &#8230; <\/p>\n","protected":false},"author":1,"featured_media":0,"parent":0,"menu_order":0,"comment_status":"closed","ping_status":"closed","template":"","meta":{"footnotes":""},"class_list":["post-6974","page","type-page","status-publish","hentry"],"_links":{"self":[{"href":"https:\/\/javierfalco.com\/portfolio\/wp-json\/wp\/v2\/pages\/6974","targetHints":{"allow":["GET"]}}],"collection":[{"href":"https:\/\/javierfalco.com\/portfolio\/wp-json\/wp\/v2\/pages"}],"about":[{"href":"https:\/\/javierfalco.com\/portfolio\/wp-json\/wp\/v2\/types\/page"}],"author":[{"embeddable":true,"href":"https:\/\/javierfalco.com\/portfolio\/wp-json\/wp\/v2\/users\/1"}],"replies":[{"embeddable":true,"href":"https:\/\/javierfalco.com\/portfolio\/wp-json\/wp\/v2\/comments?post=6974"}],"version-history":[{"count":9,"href":"https:\/\/javierfalco.com\/portfolio\/wp-json\/wp\/v2\/pages\/6974\/revisions"}],"predecessor-version":[{"id":7645,"href":"https:\/\/javierfalco.com\/portfolio\/wp-json\/wp\/v2\/pages\/6974\/revisions\/7645"}],"wp:attachment":[{"href":"https:\/\/javierfalco.com\/portfolio\/wp-json\/wp\/v2\/media?parent=6974"}],"curies":[{"name":"wp","href":"https:\/\/api.w.org\/{rel}","templated":true}]}}

<p style="padding-left: 10px;">Año 2017</p>
<p style="padding-left: 10px;">Sinopsis: Audiovisual realizado para la exposición &#8220;Andreu Castillejos, pintor&#8221;, con testimonios de personas cercanas a Andreu. La exposición fue organizada por el Institut d&#8217;Estudis Comarcals del Baix Vinalopó y se inauguró en la sala de exposiciones de la Fundación Caja Mediterráneo en Elche en 2017.</p>
<style>.embed-container { position: relative; padding-bottom: 56.25%; height: 0; overflow: hidden; max-width: 100%; } .embed-container iframe, .embed-container object, .embed-container embed { position: absolute; top: 0; left: 0; width: 100%; height: 100%; }</style>
<div class="embed-container"><iframe loading="lazy" src="https://www.youtube.com/embed/rgSKOwHx4Ww" width="1200" height="675" frameborder="0" allowfullscreen="allowfullscreen"><span data-mce-type="bookmark" style="display: inline-block; width: 0px; overflow: hidden; line-height: 0;" class="mce_SELRES_start">﻿</span><span data-mce-type="bookmark" style="display: inline-block; width: 0px; overflow: hidden; line-height: 0;" class="mce_SELRES_start">﻿</span></iframe></div>

<p>Año 2017 Sinopsis: Audiovisual realizado para la exposición &#8220;Andreu Castillejos, pintor&#8221;, con testimonios de personas cercanas &#8230; </p>
