{"id":7013,"date":"2019-01-16T10:17:13","date_gmt":"2019-01-16T10:17:13","guid":{"rendered":"http:\/\/javierfalco.com\/portfolio\/?page_id=7013"},"modified":"2019-02-05T11:08:18","modified_gmt":"2019-02-05T11:08:18","slug":"politica-de-privacidad","status":"publish","type":"page","link":"https:\/\/javierfalco.com\/portfolio\/politica-de-privacidad\/","title":{"rendered":"Pol\u00edtica de privacidad"},"content":{"rendered":"<p>PROTECCI\u00d3N DE DATOS DE CAR\u00c1CTER PERSONAL SEG\u00daN LOPD<\/p>\n<p>Luis Javier Falc\u00f3 P\u00e9rez, titular de esta web en aplicaci\u00f3n de la normativa vigente en materia de protecci\u00f3n de datos de car\u00e1cter personal, informa que los\u00a0datos personales que se recogen a trav\u00e9s del formulario de contacto del sitio web\u00a0<a href=\"http:\/\/www.javierfalco.com\">www.javierfalco.com<\/a>, se incluyen en los ficheros automatizados espec\u00edficos de\u00a0usuarios de los servicios del titular.<\/p>\n<p>La recogida y tratamiento automatizado de los datos de car\u00e1cter personal tiene como finalidad el desempe\u00f1o de tareas de informaci\u00f3n y comunicaci\u00f3n\u00a0propias del titular.<\/p>\n<p>Estos datos \u00fanicamente ser\u00e1n cedidos a aquellas entidades que sean necesarias con el \u00fanico objetivo de dar cumplimiento a la finalidad anteriormente\u00a0expuesta. El titular adopta las medidas necesarias para garantizar la seguridad, integridad y confidencialidad de los datos conforme a lo dispuesto en el\u00a0Reglamento (UE) \u00a02016\/679 del Parlamento Europeo y del Consejo, de 27 de abril de 2016, relativo a la protecci\u00f3n de las personas f\u00edsicas en lo que\u00a0respecta al tratamiento de datos personales y a la libre circulaci\u00f3n de los mismos.<\/p>\n<p>El usuario podr\u00e1 en cualquier momento ejercitar los derechos de acceso, oposici\u00f3n, rectificaci\u00f3n y cancelaci\u00f3n reconocidos en el citado Reglamento (UE).\u00a0El ejercicio de estos derechos puede realizarlo el propio usuario a trav\u00e9s de email a javierfalco(@)gmail.com<\/p>\n","protected":false},"excerpt":{"rendered":"<p>PROTECCI\u00d3N DE DATOS DE CAR\u00c1CTER PERSONAL SEG\u00daN LOPD Luis Javier Falc\u00f3 P\u00e9rez, titular de esta web &#8230; <\/p>\n","protected":false},"author":1,"featured_media":0,"parent":0,"menu_order":0,"comment_status":"closed","ping_status":"closed","template":"","meta":{"footnotes":""},"class_list":["post-7013","page","type-page","status-publish","hentry"],"_links":{"self":[{"href":"https:\/\/javierfalco.com\/portfolio\/wp-json\/wp\/v2\/pages\/7013","targetHints":{"allow":["GET"]}}],"collection":[{"href":"https:\/\/javierfalco.com\/portfolio\/wp-json\/wp\/v2\/pages"}],"about":[{"href":"https:\/\/javierfalco.com\/portfolio\/wp-json\/wp\/v2\/types\/page"}],"author":[{"embeddable":true,"href":"https:\/\/javierfalco.com\/portfolio\/wp-json\/wp\/v2\/users\/1"}],"replies":[{"embeddable":true,"href":"https:\/\/javierfalco.com\/portfolio\/wp-json\/wp\/v2\/comments?post=7013"}],"version-history":[{"count":4,"href":"https:\/\/javierfalco.com\/portfolio\/wp-json\/wp\/v2\/pages\/7013\/revisions"}],"predecessor-version":[{"id":7127,"href":"https:\/\/javierfalco.com\/portfolio\/wp-json\/wp\/v2\/pages\/7013\/revisions\/7127"}],"wp:attachment":[{"href":"https:\/\/javierfalco.com\/portfolio\/wp-json\/wp\/v2\/media?parent=7013"}],"curies":[{"name":"wp","href":"https:\/\/api.w.org\/{rel}","templated":true}]}}