{"id":7170,"date":"2019-09-10T18:09:32","date_gmt":"2019-09-10T18:09:32","guid":{"rendered":"http:\/\/javierfalco.com\/portfolio\/?page_id=7170"},"modified":"2024-11-14T21:11:41","modified_gmt":"2024-11-14T21:11:41","slug":"candelas-aguardiente-a-lena","status":"publish","type":"page","link":"https:\/\/javierfalco.com\/portfolio\/candelas-aguardiente-a-lena\/","title":{"rendered":"Candelas. Aguardiente a le\u00f1a"},"content":{"rendered":"<p style=\"padding-left: 10px;\">A\u00f1o 2019<\/p>\n<p style=\"padding-left: 10px;\">Sinopsis: Candelas, es un corto documental con la clara intenci\u00f3n de preservar valores etnogr\u00e1ficos de un pueblo como es Albalate de la Nogueras en plena Alcarr\u00eda conquense. Un corto que recoge momentos de una actividad tradicional que desaparece por falta de relevo generacional. Una actividad que est\u00e1 a camino entre los permitido y lo prohibido.<\/p>\n<p style=\"padding-left: 10px;\">Activar subt\u00edtulos para una mejor comprensi\u00f3n.<\/p>\n<style>.embed-container { position: relative; padding-bottom: 56.25%; height: 0; overflow: hidden; max-width: 100%; } .embed-container iframe, .embed-container object, .embed-container embed { position: absolute; top: 0; left: 0; width: 100%; height: 100%; }<\/style>\n<div class=\"embed-container\">\n<p><iframe loading=\"lazy\" src=\"https:\/\/www.youtube.com\/embed\/D2e-l5EJUTM\" width=\"1200\" height=\"675\" frameborder=\"0\" allowfullscreen=\"allowfullscreen\"><\/iframe><\/p>\n<\/div>\n","protected":false},"excerpt":{"rendered":"<p>A\u00f1o 2019 Sinopsis: Candelas, es un corto documental con la clara intenci\u00f3n de preservar valores etnogr\u00e1ficos &#8230; <\/p>\n","protected":false},"author":1,"featured_media":0,"parent":0,"menu_order":0,"comment_status":"closed","ping_status":"closed","template":"","meta":{"footnotes":""},"class_list":["post-7170","page","type-page","status-publish","hentry"],"_links":{"self":[{"href":"https:\/\/javierfalco.com\/portfolio\/wp-json\/wp\/v2\/pages\/7170","targetHints":{"allow":["GET"]}}],"collection":[{"href":"https:\/\/javierfalco.com\/portfolio\/wp-json\/wp\/v2\/pages"}],"about":[{"href":"https:\/\/javierfalco.com\/portfolio\/wp-json\/wp\/v2\/types\/page"}],"author":[{"embeddable":true,"href":"https:\/\/javierfalco.com\/portfolio\/wp-json\/wp\/v2\/users\/1"}],"replies":[{"embeddable":true,"href":"https:\/\/javierfalco.com\/portfolio\/wp-json\/wp\/v2\/comments?post=7170"}],"version-history":[{"count":61,"href":"https:\/\/javierfalco.com\/portfolio\/wp-json\/wp\/v2\/pages\/7170\/revisions"}],"predecessor-version":[{"id":7593,"href":"https:\/\/javierfalco.com\/portfolio\/wp-json\/wp\/v2\/pages\/7170\/revisions\/7593"}],"wp:attachment":[{"href":"https:\/\/javierfalco.com\/portfolio\/wp-json\/wp\/v2\/media?parent=7170"}],"curies":[{"name":"wp","href":"https:\/\/api.w.org\/{rel}","templated":true}]}}