{"id":7686,"date":"2025-02-17T18:37:55","date_gmt":"2025-02-17T18:37:55","guid":{"rendered":"https:\/\/javierfalco.com\/portfolio\/?page_id=7686"},"modified":"2025-11-14T07:46:39","modified_gmt":"2025-11-14T07:46:39","slug":"la-caja-vacia","status":"publish","type":"page","link":"https:\/\/javierfalco.com\/portfolio\/la-caja-vacia\/","title":{"rendered":"La caja vac\u00eda"},"content":{"rendered":"<p style=\"padding-left: 10px;\">A\u00f1o 2022<\/p>\n<p style=\"padding-left: 10px;\">Sinopsis: &#8220;La caja vac\u00eda&#8221; es un documental sobre beb\u00e9s robados que tiene como eje vertebrador un caso en concreto. El caso de la ilicitana Mar\u00eda Jos\u00e9 Pic\u00f3 que cuenta con la participaci\u00f3n investigadores, asociaciones, t\u00e9cnicos y de Amnist\u00eda Internacional.<\/p>\n<p style=\"padding-left: 10px;\">\u2192 <span style=\"color: #800000;\"><a style=\"color: #800000;\" href=\"https:\/\/javierfalco.com\/portfolio\/wp-content\/uploads\/2025\/08\/LACAJAVACIA_DOSSIER_180825.pdf\">Dosier y ficha t\u00e9cnica<\/a><\/span><\/p>\n<p style=\"padding-left: 10px;\">\u2192 <span style=\"color: #993300;\"><a style=\"color: #993300;\" href=\"https:\/\/javierfalco.com\/portfolio\/wp-content\/uploads\/2024\/10\/CARTEL_LAUREL_A4_091024-scaled.jpg\">Cartel<\/a><\/span><\/p>\n<p style=\"padding-left: 10px;\">\u2192 <span style=\"color: #993300;\"><a style=\"color: #993300;\" href=\"https:\/\/nuevarevolucion.es\/javier-falco-hasta-hace-poco-mas-de-10-anos-no-se-empezo-a-hablar-de-bebes-robados\/\">Entrevista prensa<\/a><\/span><\/p>\n<p style=\"padding-left: 10px;\">\u2192 <span style=\"color: #800000;\"><a style=\"color: #800000;\" href=\"https:\/\/www.rtve.es\/play\/audios\/diario-de-ausencias\/diario-ausencias-javier-falco\/6624711\/\">Entrevista en Radio Nacional de Espa\u00f1a (Radio 5)<\/a><\/span><\/p>\n<p>\u00a0 \u2192 <span style=\"color: #993300;\"><a style=\"color: #993300;\" href=\"https:\/\/teleelx.es\/2023\/02\/14\/teleelx-emite-a-las-22-15-horas-el-documental-la-caja-vacia-sobre-bebes-robados\/\">Entrevista en Teleelx<\/a><\/span><\/p>\n<style>.embed-container { position: relative; padding-bottom: 56.25%; height: 0; overflow: hidden; max-width: 100%; } .embed-container iframe, .embed-container object, .embed-container embed { position: absolute; top: 0; left: 0; width: 100%; height: 100%; }<\/style>\n<div class=\"embed-container\">\n<p><iframe loading=\"lazy\" title=\"YouTube video player\" src=\"https:\/\/www.youtube.com\/embed\/28f7I9uZohU\" width=\"1200\" height=\"675\" frameborder=\"0\" allowfullscreen=\"allowfullscreen\"><span style=\"display: inline-block; width: 0px; overflow: hidden; line-height: 0;\" data-mce-type=\"bookmark\" class=\"mce_SELRES_start\">\ufeff<\/span><\/iframe><\/p>\n<\/div>\n<p>&nbsp;<\/p>\n<p>La caja vac\u00eda en el informativo de mediod\u00eda de \u00c0 Punt NTC<\/p>\n<style>.embed-container { position: relative; padding-bottom: 56.25%; height: 0; overflow: hidden; max-width: 100%; } .embed-container iframe, .embed-container object, .embed-container embed { position: absolute; top: 0; left: 0; width: 100%; height: 100%; }<\/style>\n<div class=\"embed-container\"><iframe loading=\"lazy\" src=\"https:\/\/www.youtube.com\/embed\/N5fgfDGEi7Y?si=CJjxRd42v2Q9i7u5\" width=\"1200\" height=\"675\" frameborder=\"0\" allowfullscreen=\"allowfullscreen\"><span data-mce-type=\"bookmark\" style=\"display: inline-block; width: 0px; overflow: hidden; line-height: 0;\" class=\"mce_SELRES_start\">\ufeff<\/span><\/iframe><\/div>\n<p>&nbsp;<\/p>\n<p><span style=\"color: #000000;\">\u00a0<\/span><span style=\"color: #000000;\">Entrevista en Teleelx<\/span><\/p>\n<div class=\"embed-container\"><iframe loading=\"lazy\" src=\"https:\/\/www.youtube.com\/embed\/GGNUf4p1gPE?si=CJjxRd42v2Q9i7u5\" width=\"1200\" height=\"675\" frameborder=\"0\" allowfullscreen=\"allowfullscreen\"><span data-mce-type=\"bookmark\" style=\"display: inline-block; width: 0px; overflow: hidden; line-height: 0;\" class=\"mce_SELRES_start\">\ufeff<\/span><span data-mce-type=\"bookmark\" style=\"display: inline-block; width: 0px; overflow: hidden; line-height: 0;\" class=\"mce_SELRES_start\">\ufeff<\/span><\/iframe><\/div>\n<p>&nbsp;<\/p>\n","protected":false},"excerpt":{"rendered":"<p>A\u00f1o 2022 Sinopsis: &#8220;La caja vac\u00eda&#8221; es un documental sobre beb\u00e9s robados que tiene como eje &#8230; <\/p>\n","protected":false},"author":4,"featured_media":0,"parent":0,"menu_order":0,"comment_status":"closed","ping_status":"closed","template":"","meta":{"footnotes":""},"class_list":["post-7686","page","type-page","status-publish","hentry"],"_links":{"self":[{"href":"https:\/\/javierfalco.com\/portfolio\/wp-json\/wp\/v2\/pages\/7686","targetHints":{"allow":["GET"]}}],"collection":[{"href":"https:\/\/javierfalco.com\/portfolio\/wp-json\/wp\/v2\/pages"}],"about":[{"href":"https:\/\/javierfalco.com\/portfolio\/wp-json\/wp\/v2\/types\/page"}],"author":[{"embeddable":true,"href":"https:\/\/javierfalco.com\/portfolio\/wp-json\/wp\/v2\/users\/4"}],"replies":[{"embeddable":true,"href":"https:\/\/javierfalco.com\/portfolio\/wp-json\/wp\/v2\/comments?post=7686"}],"version-history":[{"count":9,"href":"https:\/\/javierfalco.com\/portfolio\/wp-json\/wp\/v2\/pages\/7686\/revisions"}],"predecessor-version":[{"id":7759,"href":"https:\/\/javierfalco.com\/portfolio\/wp-json\/wp\/v2\/pages\/7686\/revisions\/7759"}],"wp:attachment":[{"href":"https:\/\/javierfalco.com\/portfolio\/wp-json\/wp\/v2\/media?parent=7686"}],"curies":[{"name":"wp","href":"https:\/\/api.w.org\/{rel}","templated":true}]}}

La caja vacía

<p style="padding-left: 10px;">Año 2022</p>
<p style="padding-left: 10px;">Sinopsis: &#8220;La caja vacía&#8221; es un documental sobre bebés robados que tiene como eje vertebrador un caso en concreto. El caso de la ilicitana María José Picó que cuenta con la participación investigadores, asociaciones, técnicos y de Amnistía Internacional.</p>
<p style="padding-left: 10px;">→ <span style="color: #800000;"><a style="color: #800000;" href="https://javierfalco.com/portfolio/wp-content/uploads/2025/08/LACAJAVACIA_DOSSIER_180825.pdf">Dosier y ficha técnica</a></span></p>
<p style="padding-left: 10px;">→ <span style="color: #993300;"><a style="color: #993300;" href="https://javierfalco.com/portfolio/wp-content/uploads/2024/10/CARTEL_LAUREL_A4_091024-scaled.jpg">Cartel</a></span></p>
<p style="padding-left: 10px;">→ <span style="color: #993300;"><a style="color: #993300;" href="https://nuevarevolucion.es/javier-falco-hasta-hace-poco-mas-de-10-anos-no-se-empezo-a-hablar-de-bebes-robados/">Entrevista prensa</a></span></p>
<p style="padding-left: 10px;">→ <span style="color: #800000;"><a style="color: #800000;" href="https://www.rtve.es/play/audios/diario-de-ausencias/diario-ausencias-javier-falco/6624711/">Entrevista en Radio Nacional de España (Radio 5)</a></span></p>
<p>  → <span style="color: #993300;"><a style="color: #993300;" href="https://teleelx.es/2023/02/14/teleelx-emite-a-las-22-15-horas-el-documental-la-caja-vacia-sobre-bebes-robados/">Entrevista en Teleelx</a></span></p>
<style>.embed-container { position: relative; padding-bottom: 56.25%; height: 0; overflow: hidden; max-width: 100%; } .embed-container iframe, .embed-container object, .embed-container embed { position: absolute; top: 0; left: 0; width: 100%; height: 100%; }</style>
<div class="embed-container">
<p><iframe loading="lazy" title="YouTube video player" src="https://www.youtube.com/embed/28f7I9uZohU" width="1200" height="675" frameborder="0" allowfullscreen="allowfullscreen"><span style="display: inline-block; width: 0px; overflow: hidden; line-height: 0;" data-mce-type="bookmark" class="mce_SELRES_start">﻿</span></iframe></p>
</div>
<p>&nbsp;</p>
<p>La caja vacía en el informativo de mediodía de À Punt NTC</p>
<style>.embed-container { position: relative; padding-bottom: 56.25%; height: 0; overflow: hidden; max-width: 100%; } .embed-container iframe, .embed-container object, .embed-container embed { position: absolute; top: 0; left: 0; width: 100%; height: 100%; }</style>
<div class="embed-container"><iframe loading="lazy" src="https://www.youtube.com/embed/N5fgfDGEi7Y?si=CJjxRd42v2Q9i7u5" width="1200" height="675" frameborder="0" allowfullscreen="allowfullscreen"><span data-mce-type="bookmark" style="display: inline-block; width: 0px; overflow: hidden; line-height: 0;" class="mce_SELRES_start">﻿</span></iframe></div>
<p>&nbsp;</p>
<p><span style="color: #000000;"> </span><span style="color: #000000;">Entrevista en Teleelx</span></p>
<div class="embed-container"><iframe loading="lazy" src="https://www.youtube.com/embed/GGNUf4p1gPE?si=CJjxRd42v2Q9i7u5" width="1200" height="675" frameborder="0" allowfullscreen="allowfullscreen"><span data-mce-type="bookmark" style="display: inline-block; width: 0px; overflow: hidden; line-height: 0;" class="mce_SELRES_start">﻿</span><span data-mce-type="bookmark" style="display: inline-block; width: 0px; overflow: hidden; line-height: 0;" class="mce_SELRES_start">﻿</span></iframe></div>
<p>&nbsp;</p>

<p>Año 2022 Sinopsis: &#8220;La caja vacía&#8221; es un documental sobre bebés robados que tiene como eje &#8230; </p>
